{"id":3241,"date":"2021-01-13T09:23:09","date_gmt":"2021-01-13T08:23:09","guid":{"rendered":"https:\/\/blafor.com\/markt\/?post_type=product&#038;p=3241"},"modified":"2022-08-25T07:39:47","modified_gmt":"2022-08-25T05:39:47","slug":"gamegear-classic-fit-riviera-polo-shirt","status":"publish","type":"product","link":"https:\/\/blafor.com\/markt\/produkt\/gamegear-classic-fit-riviera-polo-shirt\/","title":{"rendered":"Gamegear Classic Fit Riviera Polo Shirt"},"content":{"rendered":"<h2>Gamegear Classic Fit Riviera Polo Shirt<\/h2>\n<p>Das Classic Fit Riviera Polo Shirt von Gamegear\u00ae ist ein professionelles Polohemd mit sportlichen Look. Die glatte Jersey-Oberfl\u00e4che ist bequem zu tragen und das Cooltex\u00ae Klimamanagement h\u00e4lt dich k\u00fchl.<\/p>\n<ul>\n<li>Grammatur: 140 g\/m\u00b2<\/li>\n<li>Material: 100% Polyester \u2013 Cooltex\u00ae<\/li>\n<li>Passform: Regular (gerade geschnitten), Kurzarm Raglan\u00e4rmel, Atmungsaktiv<\/li>\n<li>Verarbeitung: Gerader Saum vorne, abgerundeter Saum hinten, 1&#215;1 Flachstrick-Kragen, 3er Knopfleiste, Kn\u00f6pfe Ton in Ton, Ersatzknopf, Doppelnahtverarbeitung, Seitenn\u00e4hte, Seitenschlitze<\/li>\n<li>Verf\u00fcgbare Gr\u00f6\u00dfen: S, M, L, XL, XXL<\/li>\n<li>Verf\u00fcgbare Farben: Black\/Electric Blue, Black\/Fluorescent Lime, Black\/Orange, Navy\/Light Blue, Navy\/White, White\/Grey, White\/Navy<\/li>\n<li>Pflegehinweise: waschbar bis max. 30\u00b0C, nicht Trockner geeignet, b\u00fcgeln max. 110 \u00b0C<\/li>\n<\/ul>\n<p>*Bitte beachte, die dargestellten Farben in der Veranschaulichung am Bildschirm k\u00f6nnen von den Originalfarben abweichen.<\/p>\n<p>Artikel-Nr.: K974<br \/>\nStyle: KK974, Gamegear\u00ae, Cool-Polo, Sportpolo, Golf-Polo, Poloshirt, Golfsport, Kontrast-Polo<\/p>\n","protected":false},"excerpt":{"rendered":"<ul>\n<li>Kontrast-Polo, leicht und atmungsaktiv mit Kurzarm Raglan\u00e4rmel<\/li>\n<li>Polyester \u2013 Cooltex\u00ae Material f\u00fcr Klimamanagement<\/li>\n<li>Verf\u00fcgbar in 6 Farbkombinationen und Gr\u00f6\u00dfe S bis XXL<\/li>\n<li>Deine Farbe oder Gr\u00f6\u00dfe ist gerade nicht bestellbar? <br \/>Kontaktiere Verk\u00e4ufer.<\/li>\n<\/ul>\n","protected":false},"featured_media":3242,"template":"","meta":{"_kad_blocks_custom_css":"","_kad_blocks_head_custom_js":"","_kad_blocks_body_custom_js":"","_kad_blocks_footer_custom_js":"","_kadence_starter_templates_imported_post":false,"_kad_post_transparent":"default","_kad_post_title":"","_kad_post_layout":"default","_kad_post_sidebar_id":"","_kad_post_content_style":"default","_kad_post_vertical_padding":"default","_kad_post_feature":"","_kad_post_feature_position":"","_kad_post_header":false,"_kad_post_footer":false,"_kad_post_classname":""},"product_brand":[],"product_cat":[228],"product_tag":[371,233],"product_brands":[],"class_list":{"0":"post-3241","1":"product","2":"type-product","3":"status-publish","4":"has-post-thumbnail","6":"product_cat-poloshirts-herren","7":"product_tag-bicolor","8":"product_tag-sport","9":"pa_farbe-navy-light-blue","10":"pa_int-groesse-xl","11":"pa_marke-gamegear","12":"pa_material-100-polyester","13":"pa_standort-106","15":"first","16":"instock","17":"taxable","18":"shipping-taxable","19":"purchasable","20":"product-type-variable","21":"entry","22":"content-bg","23":"loop-entry"},"yoast_head":"<!-- This site is optimized with the Yoast SEO plugin v27.5 - https:\/\/yoast.com\/product\/yoast-seo-wordpress\/ -->\n<title>Gamegear Classic Fit Riviera Polo Shirt : BlaFor.com Markt<\/title>\n<meta name=\"robots\" content=\"index, follow, max-snippet:-1, max-image-preview:large, max-video-preview:-1\" \/>\n<link rel=\"canonical\" href=\"https:\/\/blafor.com\/markt\/produkt\/gamegear-classic-fit-riviera-polo-shirt\/\" \/>\n<meta property=\"og:locale\" content=\"de_DE\" \/>\n<meta property=\"og:type\" content=\"article\" \/>\n<meta property=\"og:title\" content=\"Gamegear Classic Fit Riviera Polo Shirt : BlaFor.com Markt\" \/>\n<meta property=\"og:description\" content=\"Kontrast-Polo, leicht und atmungsaktiv mit Kurzarm Raglan\u00e4rmel  Polyester \u2013 Cooltex\u00ae Material f\u00fcr Klimamanagement  Verf\u00fcgbar in 6 Farbkombinationen und Gr\u00f6\u00dfe S bis XXL  Deine Farbe oder Gr\u00f6\u00dfe ist gerade nicht bestellbar? Kontaktiere Verk\u00e4ufer.\" \/>\n<meta property=\"og:url\" content=\"https:\/\/blafor.com\/markt\/produkt\/gamegear-classic-fit-riviera-polo-shirt\/\" \/>\n<meta property=\"og:site_name\" content=\"BlaFor.com Markt\" \/>\n<meta property=\"article:publisher\" content=\"https:\/\/www.facebook.com\/BlaForCom\/\" \/>\n<meta property=\"article:modified_time\" content=\"2022-08-25T05:39:47+00:00\" \/>\n<meta property=\"og:image\" content=\"https:\/\/blafor.com\/markt\/wp-content\/uploads\/sites\/6\/2022\/08\/K974-white-grey.jpg\" \/>\n\t<meta property=\"og:image:width\" content=\"600\" \/>\n\t<meta property=\"og:image:height\" content=\"600\" \/>\n\t<meta property=\"og:image:type\" content=\"image\/jpeg\" \/>\n<meta name=\"twitter:card\" content=\"summary_large_image\" \/>\n<meta name=\"twitter:label1\" content=\"Gesch\u00e4tzte Lesezeit\" \/>\n\t<meta name=\"twitter:data1\" content=\"1\u00a0Minute\" \/>\n<script type=\"application\/ld+json\" class=\"yoast-schema-graph\">{\"@context\":\"https:\\\/\\\/schema.org\",\"@graph\":[{\"@type\":\"WebPage\",\"@id\":\"https:\\\/\\\/blafor.com\\\/markt\\\/produkt\\\/gamegear-classic-fit-riviera-polo-shirt\\\/\",\"url\":\"https:\\\/\\\/blafor.com\\\/markt\\\/produkt\\\/gamegear-classic-fit-riviera-polo-shirt\\\/\",\"name\":\"Gamegear Classic Fit Riviera Polo Shirt : BlaFor.com Markt\",\"isPartOf\":{\"@id\":\"https:\\\/\\\/blafor.com\\\/markt\\\/#website\"},\"primaryImageOfPage\":{\"@id\":\"https:\\\/\\\/blafor.com\\\/markt\\\/produkt\\\/gamegear-classic-fit-riviera-polo-shirt\\\/#primaryimage\"},\"image\":{\"@id\":\"https:\\\/\\\/blafor.com\\\/markt\\\/produkt\\\/gamegear-classic-fit-riviera-polo-shirt\\\/#primaryimage\"},\"thumbnailUrl\":\"https:\\\/\\\/blafor.com\\\/markt\\\/wp-content\\\/uploads\\\/sites\\\/6\\\/2022\\\/08\\\/K974-white-grey.jpg\",\"datePublished\":\"2021-01-13T08:23:09+00:00\",\"dateModified\":\"2022-08-25T05:39:47+00:00\",\"breadcrumb\":{\"@id\":\"https:\\\/\\\/blafor.com\\\/markt\\\/produkt\\\/gamegear-classic-fit-riviera-polo-shirt\\\/#breadcrumb\"},\"inLanguage\":\"de\",\"potentialAction\":[{\"@type\":\"ReadAction\",\"target\":[\"https:\\\/\\\/blafor.com\\\/markt\\\/produkt\\\/gamegear-classic-fit-riviera-polo-shirt\\\/\"]}]},{\"@type\":\"ImageObject\",\"inLanguage\":\"de\",\"@id\":\"https:\\\/\\\/blafor.com\\\/markt\\\/produkt\\\/gamegear-classic-fit-riviera-polo-shirt\\\/#primaryimage\",\"url\":\"https:\\\/\\\/blafor.com\\\/markt\\\/wp-content\\\/uploads\\\/sites\\\/6\\\/2022\\\/08\\\/K974-white-grey.jpg\",\"contentUrl\":\"https:\\\/\\\/blafor.com\\\/markt\\\/wp-content\\\/uploads\\\/sites\\\/6\\\/2022\\\/08\\\/K974-white-grey.jpg\",\"width\":600,\"height\":600},{\"@type\":\"BreadcrumbList\",\"@id\":\"https:\\\/\\\/blafor.com\\\/markt\\\/produkt\\\/gamegear-classic-fit-riviera-polo-shirt\\\/#breadcrumb\",\"itemListElement\":[{\"@type\":\"ListItem\",\"position\":1,\"name\":\"Startseite\",\"item\":\"https:\\\/\\\/blafor.com\\\/markt\\\/\"},{\"@type\":\"ListItem\",\"position\":2,\"name\":\"Katalog\",\"item\":\"https:\\\/\\\/blafor.com\\\/markt\\\/katalog\\\/\"},{\"@type\":\"ListItem\",\"position\":3,\"name\":\"Gamegear Classic Fit Riviera Polo Shirt\"}]},{\"@type\":\"WebSite\",\"@id\":\"https:\\\/\\\/blafor.com\\\/markt\\\/#website\",\"url\":\"https:\\\/\\\/blafor.com\\\/markt\\\/\",\"name\":\"BlaFor.com Markt\",\"description\":\"Der Online-Marktplatz aus dem Schwarzwald\",\"publisher\":{\"@id\":\"https:\\\/\\\/blafor.com\\\/markt\\\/#organization\"},\"alternateName\":\"BlaFor Markt\",\"potentialAction\":[{\"@type\":\"SearchAction\",\"target\":{\"@type\":\"EntryPoint\",\"urlTemplate\":\"https:\\\/\\\/blafor.com\\\/markt\\\/?s={search_term_string}\"},\"query-input\":{\"@type\":\"PropertyValueSpecification\",\"valueRequired\":true,\"valueName\":\"search_term_string\"}}],\"inLanguage\":\"de\"},{\"@type\":\"Organization\",\"@id\":\"https:\\\/\\\/blafor.com\\\/markt\\\/#organization\",\"name\":\"BlaFor.com\",\"alternateName\":\"ALIZEL\",\"url\":\"https:\\\/\\\/blafor.com\\\/markt\\\/\",\"logo\":{\"@type\":\"ImageObject\",\"inLanguage\":\"de\",\"@id\":\"https:\\\/\\\/blafor.com\\\/markt\\\/#\\\/schema\\\/logo\\\/image\\\/\",\"url\":\"https:\\\/\\\/blafor.com\\\/markt\\\/wp-content\\\/uploads\\\/sites\\\/6\\\/2022\\\/07\\\/bfc-shop64.png\",\"contentUrl\":\"https:\\\/\\\/blafor.com\\\/markt\\\/wp-content\\\/uploads\\\/sites\\\/6\\\/2022\\\/07\\\/bfc-shop64.png\",\"width\":400,\"height\":160,\"caption\":\"BlaFor.com\"},\"image\":{\"@id\":\"https:\\\/\\\/blafor.com\\\/markt\\\/#\\\/schema\\\/logo\\\/image\\\/\"},\"sameAs\":[\"https:\\\/\\\/www.facebook.com\\\/BlaForCom\\\/\",\"https:\\\/\\\/www.linkedin.com\\\/showcase\\\/blaforcom\\\/\"]}]}<\/script>\n<!-- \/ Yoast SEO plugin. -->","yoast_head_json":{"title":"Gamegear Classic Fit Riviera Polo Shirt : BlaFor.com Markt","robots":{"index":"index","follow":"follow","max-snippet":"max-snippet:-1","max-image-preview":"max-image-preview:large","max-video-preview":"max-video-preview:-1"},"canonical":"https:\/\/blafor.com\/markt\/produkt\/gamegear-classic-fit-riviera-polo-shirt\/","og_locale":"de_DE","og_type":"article","og_title":"Gamegear Classic Fit Riviera Polo Shirt : BlaFor.com Markt","og_description":"Kontrast-Polo, leicht und atmungsaktiv mit Kurzarm Raglan\u00e4rmel  Polyester \u2013 Cooltex\u00ae Material f\u00fcr Klimamanagement  Verf\u00fcgbar in 6 Farbkombinationen und Gr\u00f6\u00dfe S bis XXL  Deine Farbe oder Gr\u00f6\u00dfe ist gerade nicht bestellbar? Kontaktiere Verk\u00e4ufer.","og_url":"https:\/\/blafor.com\/markt\/produkt\/gamegear-classic-fit-riviera-polo-shirt\/","og_site_name":"BlaFor.com Markt","article_publisher":"https:\/\/www.facebook.com\/BlaForCom\/","article_modified_time":"2022-08-25T05:39:47+00:00","og_image":[{"width":600,"height":600,"url":"https:\/\/blafor.com\/markt\/wp-content\/uploads\/sites\/6\/2022\/08\/K974-white-grey.jpg","type":"image\/jpeg"}],"twitter_card":"summary_large_image","twitter_misc":{"Gesch\u00e4tzte Lesezeit":"1\u00a0Minute"},"schema":{"@context":"https:\/\/schema.org","@graph":[{"@type":"WebPage","@id":"https:\/\/blafor.com\/markt\/produkt\/gamegear-classic-fit-riviera-polo-shirt\/","url":"https:\/\/blafor.com\/markt\/produkt\/gamegear-classic-fit-riviera-polo-shirt\/","name":"Gamegear Classic Fit Riviera Polo Shirt : BlaFor.com Markt","isPartOf":{"@id":"https:\/\/blafor.com\/markt\/#website"},"primaryImageOfPage":{"@id":"https:\/\/blafor.com\/markt\/produkt\/gamegear-classic-fit-riviera-polo-shirt\/#primaryimage"},"image":{"@id":"https:\/\/blafor.com\/markt\/produkt\/gamegear-classic-fit-riviera-polo-shirt\/#primaryimage"},"thumbnailUrl":"https:\/\/blafor.com\/markt\/wp-content\/uploads\/sites\/6\/2022\/08\/K974-white-grey.jpg","datePublished":"2021-01-13T08:23:09+00:00","dateModified":"2022-08-25T05:39:47+00:00","breadcrumb":{"@id":"https:\/\/blafor.com\/markt\/produkt\/gamegear-classic-fit-riviera-polo-shirt\/#breadcrumb"},"inLanguage":"de","potentialAction":[{"@type":"ReadAction","target":["https:\/\/blafor.com\/markt\/produkt\/gamegear-classic-fit-riviera-polo-shirt\/"]}]},{"@type":"ImageObject","inLanguage":"de","@id":"https:\/\/blafor.com\/markt\/produkt\/gamegear-classic-fit-riviera-polo-shirt\/#primaryimage","url":"https:\/\/blafor.com\/markt\/wp-content\/uploads\/sites\/6\/2022\/08\/K974-white-grey.jpg","contentUrl":"https:\/\/blafor.com\/markt\/wp-content\/uploads\/sites\/6\/2022\/08\/K974-white-grey.jpg","width":600,"height":600},{"@type":"BreadcrumbList","@id":"https:\/\/blafor.com\/markt\/produkt\/gamegear-classic-fit-riviera-polo-shirt\/#breadcrumb","itemListElement":[{"@type":"ListItem","position":1,"name":"Startseite","item":"https:\/\/blafor.com\/markt\/"},{"@type":"ListItem","position":2,"name":"Katalog","item":"https:\/\/blafor.com\/markt\/katalog\/"},{"@type":"ListItem","position":3,"name":"Gamegear Classic Fit Riviera Polo Shirt"}]},{"@type":"WebSite","@id":"https:\/\/blafor.com\/markt\/#website","url":"https:\/\/blafor.com\/markt\/","name":"BlaFor.com Markt","description":"Der Online-Marktplatz aus dem Schwarzwald","publisher":{"@id":"https:\/\/blafor.com\/markt\/#organization"},"alternateName":"BlaFor Markt","potentialAction":[{"@type":"SearchAction","target":{"@type":"EntryPoint","urlTemplate":"https:\/\/blafor.com\/markt\/?s={search_term_string}"},"query-input":{"@type":"PropertyValueSpecification","valueRequired":true,"valueName":"search_term_string"}}],"inLanguage":"de"},{"@type":"Organization","@id":"https:\/\/blafor.com\/markt\/#organization","name":"BlaFor.com","alternateName":"ALIZEL","url":"https:\/\/blafor.com\/markt\/","logo":{"@type":"ImageObject","inLanguage":"de","@id":"https:\/\/blafor.com\/markt\/#\/schema\/logo\/image\/","url":"https:\/\/blafor.com\/markt\/wp-content\/uploads\/sites\/6\/2022\/07\/bfc-shop64.png","contentUrl":"https:\/\/blafor.com\/markt\/wp-content\/uploads\/sites\/6\/2022\/07\/bfc-shop64.png","width":400,"height":160,"caption":"BlaFor.com"},"image":{"@id":"https:\/\/blafor.com\/markt\/#\/schema\/logo\/image\/"},"sameAs":["https:\/\/www.facebook.com\/BlaForCom\/","https:\/\/www.linkedin.com\/showcase\/blaforcom\/"]}]}},"taxonomy_info":{"product_cat":[{"value":228,"label":"Poloshirts Herren"}],"product_tag":[{"value":371,"label":"Bicolor"},{"value":233,"label":"Sport"}],"pa_farbe":[{"value":615,"label":"Navy \/ Light Blue"}],"pa_int-groesse":[{"value":239,"label":"XL"}],"pa_marke":[{"value":142,"label":"GAMEGEAR\u00ae"}],"pa_material":[{"value":251,"label":"100% Polyester"}],"pa_standort":[{"value":106,"label":"79843"}]},"featured_image_src_large":["https:\/\/blafor.com\/markt\/wp-content\/uploads\/sites\/6\/2022\/08\/K974-white-grey.jpg",600,600,false],"author_info":[],"comment_info":"","_links":{"self":[{"href":"https:\/\/blafor.com\/markt\/wp-json\/wp\/v2\/product\/3241","targetHints":{"allow":["GET"]}}],"collection":[{"href":"https:\/\/blafor.com\/markt\/wp-json\/wp\/v2\/product"}],"about":[{"href":"https:\/\/blafor.com\/markt\/wp-json\/wp\/v2\/types\/product"}],"wp:featuredmedia":[{"embeddable":true,"href":"https:\/\/blafor.com\/markt\/wp-json\/wp\/v2\/media\/3242"}],"wp:attachment":[{"href":"https:\/\/blafor.com\/markt\/wp-json\/wp\/v2\/media?parent=3241"}],"wp:term":[{"taxonomy":"product_brand","embeddable":true,"href":"https:\/\/blafor.com\/markt\/wp-json\/wp\/v2\/product_brand?post=3241"},{"taxonomy":"product_cat","embeddable":true,"href":"https:\/\/blafor.com\/markt\/wp-json\/wp\/v2\/product_cat?post=3241"},{"taxonomy":"product_tag","embeddable":true,"href":"https:\/\/blafor.com\/markt\/wp-json\/wp\/v2\/product_tag?post=3241"},{"taxonomy":"product_brands","embeddable":true,"href":"https:\/\/blafor.com\/markt\/wp-json\/wp\/v2\/product_brands?post=3241"}],"curies":[{"name":"wp","href":"https:\/\/api.w.org\/{rel}","templated":true}]}}