{"id":2887,"date":"2022-07-09T11:50:45","date_gmt":"2022-07-09T09:50:45","guid":{"rendered":"https:\/\/blafor.com\/markt\/?post_type=product&#038;p=2887"},"modified":"2022-08-09T12:06:36","modified_gmt":"2022-08-09T10:06:36","slug":"kids-hooded-sweatshirt-larkwood","status":"publish","type":"product","link":"https:\/\/blafor.com\/markt\/produkt\/kids-hooded-sweatshirt-larkwood\/","title":{"rendered":"Kids Hooded Sweatshirt Larkwood"},"content":{"rendered":"<h2>Kids Hooded Sweatshirt Larkwood<\/h2>\n<p>Kids Hooded Sweatshirt Larkwood ist ein Kinder Kapuzenshirt (Kapuzenpulli) mit K\u00e4ngurutasche, ohne Kn\u00f6pfe, ohne Rei\u00dfverschluss, Innenkapuze aus Jersey-Material, Strick-B\u00fcndchen an \u00c4rmeln und Bund, Doppeln\u00e4hte, kontrastfarbenes Nackenband innen.<\/p>\n<ul>\n<li>Grammatur: 280 g\/m\u00b2<\/li>\n<li>Material: 80% Baumwolle \/ 20% Polyester<\/li>\n<li>Verf\u00fcgbare Gr\u00f6\u00dfen: 18\/24 Monate<\/li>\n<li>Gr\u00f6\u00dfenangaben Sweatshirt: L\u00e4nge ab Schulter: 34 cm, Brustumfang: 64 cm, Saumumfang: 54 cm<\/li>\n<li>Verf\u00fcgbare Farben: Pale Pink<\/li>\n<li>Pflegehinweis: Waschbar bei 40\u00b0C, nicht im Trockner trocknen, zum Trocknen flach hinlegen<\/li>\n<\/ul>\n<p>Artikel-Nr.: LW002<br \/>\nStyle: LW002, Larkwood, Hoodie, Kapuzenpullover, Sweater, Kapuzenpulli, Kapuzenshirt, Hoody<\/p>\n","protected":false},"excerpt":{"rendered":"<ul>\n<li>Kinder Kapuzenshirt (Kapuzenpulli) mit K\u00e4ngurutasche<\/li>\n<li>F\u00fcr Kinder von 18 bis 24 Monate (K\u00f6rpergr\u00f6\u00dfe: 87 &#8211; 92 cm)<\/li>\n<li>Verf\u00fcgbarer Farbe: Pale Pink (blasses Rosa)<\/li>\n<li>Nur noch solange Vorrat reicht!<\/li>\n<\/ul>\n","protected":false},"featured_media":2888,"template":"","meta":{"_kad_blocks_custom_css":"","_kad_blocks_head_custom_js":"","_kad_blocks_body_custom_js":"","_kad_blocks_footer_custom_js":"","_kadence_starter_templates_imported_post":false,"_kad_post_transparent":"default","_kad_post_title":"","_kad_post_layout":"default","_kad_post_sidebar_id":"","_kad_post_content_style":"default","_kad_post_vertical_padding":"default","_kad_post_feature":"","_kad_post_feature_position":"","_kad_post_header":false,"_kad_post_footer":false,"_kad_post_classname":""},"product_brand":[],"product_cat":[550,227],"product_tag":[231],"product_brands":[],"class_list":{"0":"post-2887","1":"product","2":"type-product","3":"status-publish","4":"has-post-thumbnail","6":"product_cat-hoodies-kinder","7":"product_cat-sale","8":"product_tag-restposten","9":"pa_farbe-pale-pink","10":"pa_kindergroesse-gr-92-2-jahre-87-92-cm","11":"pa_marke-larkwood","12":"pa_material-80-baumwolle-20-polyester","13":"pa_standort-106","15":"first","16":"instock","17":"sale","18":"taxable","19":"shipping-taxable","20":"purchasable","21":"product-type-simple","22":"entry","23":"content-bg","24":"loop-entry"},"yoast_head":"<!-- This site is optimized with the Yoast SEO plugin v27.5 - https:\/\/yoast.com\/product\/yoast-seo-wordpress\/ -->\n<title>Kids Hooded Sweatshirt Larkwood : BlaFor.com Markt<\/title>\n<meta name=\"robots\" content=\"index, follow, max-snippet:-1, max-image-preview:large, max-video-preview:-1\" \/>\n<link rel=\"canonical\" href=\"https:\/\/blafor.com\/markt\/produkt\/kids-hooded-sweatshirt-larkwood\/\" \/>\n<meta property=\"og:locale\" content=\"de_DE\" \/>\n<meta property=\"og:type\" content=\"article\" \/>\n<meta property=\"og:title\" content=\"Kids Hooded Sweatshirt Larkwood : BlaFor.com Markt\" \/>\n<meta property=\"og:description\" content=\"Kinder Kapuzenshirt (Kapuzenpulli) mit K\u00e4ngurutasche  F\u00fcr Kinder von 18 bis 24 Monate (K\u00f6rpergr\u00f6\u00dfe: 87 - 92 cm)  Verf\u00fcgbarer Farbe: Pale Pink (blasses Rosa)  Nur noch solange Vorrat reicht!\" \/>\n<meta property=\"og:url\" content=\"https:\/\/blafor.com\/markt\/produkt\/kids-hooded-sweatshirt-larkwood\/\" \/>\n<meta property=\"og:site_name\" content=\"BlaFor.com Markt\" \/>\n<meta property=\"article:publisher\" content=\"https:\/\/www.facebook.com\/BlaForCom\/\" \/>\n<meta property=\"article:modified_time\" content=\"2022-08-09T10:06:36+00:00\" \/>\n<meta property=\"og:image\" content=\"https:\/\/blafor.com\/markt\/wp-content\/uploads\/sites\/6\/2022\/08\/LW002-baby-pink.jpg\" \/>\n\t<meta property=\"og:image:width\" content=\"600\" \/>\n\t<meta property=\"og:image:height\" content=\"600\" \/>\n\t<meta property=\"og:image:type\" content=\"image\/jpeg\" \/>\n<meta name=\"twitter:card\" content=\"summary_large_image\" \/>\n<meta name=\"twitter:label1\" content=\"Gesch\u00e4tzte Lesezeit\" \/>\n\t<meta name=\"twitter:data1\" content=\"1\u00a0Minute\" \/>\n<script type=\"application\/ld+json\" class=\"yoast-schema-graph\">{\"@context\":\"https:\\\/\\\/schema.org\",\"@graph\":[{\"@type\":\"WebPage\",\"@id\":\"https:\\\/\\\/blafor.com\\\/markt\\\/produkt\\\/kids-hooded-sweatshirt-larkwood\\\/\",\"url\":\"https:\\\/\\\/blafor.com\\\/markt\\\/produkt\\\/kids-hooded-sweatshirt-larkwood\\\/\",\"name\":\"Kids Hooded Sweatshirt Larkwood : BlaFor.com Markt\",\"isPartOf\":{\"@id\":\"https:\\\/\\\/blafor.com\\\/markt\\\/#website\"},\"primaryImageOfPage\":{\"@id\":\"https:\\\/\\\/blafor.com\\\/markt\\\/produkt\\\/kids-hooded-sweatshirt-larkwood\\\/#primaryimage\"},\"image\":{\"@id\":\"https:\\\/\\\/blafor.com\\\/markt\\\/produkt\\\/kids-hooded-sweatshirt-larkwood\\\/#primaryimage\"},\"thumbnailUrl\":\"https:\\\/\\\/blafor.com\\\/markt\\\/wp-content\\\/uploads\\\/sites\\\/6\\\/2022\\\/08\\\/LW002-baby-pink.jpg\",\"datePublished\":\"2022-07-09T09:50:45+00:00\",\"dateModified\":\"2022-08-09T10:06:36+00:00\",\"breadcrumb\":{\"@id\":\"https:\\\/\\\/blafor.com\\\/markt\\\/produkt\\\/kids-hooded-sweatshirt-larkwood\\\/#breadcrumb\"},\"inLanguage\":\"de\",\"potentialAction\":[{\"@type\":\"ReadAction\",\"target\":[\"https:\\\/\\\/blafor.com\\\/markt\\\/produkt\\\/kids-hooded-sweatshirt-larkwood\\\/\"]}]},{\"@type\":\"ImageObject\",\"inLanguage\":\"de\",\"@id\":\"https:\\\/\\\/blafor.com\\\/markt\\\/produkt\\\/kids-hooded-sweatshirt-larkwood\\\/#primaryimage\",\"url\":\"https:\\\/\\\/blafor.com\\\/markt\\\/wp-content\\\/uploads\\\/sites\\\/6\\\/2022\\\/08\\\/LW002-baby-pink.jpg\",\"contentUrl\":\"https:\\\/\\\/blafor.com\\\/markt\\\/wp-content\\\/uploads\\\/sites\\\/6\\\/2022\\\/08\\\/LW002-baby-pink.jpg\",\"width\":600,\"height\":600},{\"@type\":\"BreadcrumbList\",\"@id\":\"https:\\\/\\\/blafor.com\\\/markt\\\/produkt\\\/kids-hooded-sweatshirt-larkwood\\\/#breadcrumb\",\"itemListElement\":[{\"@type\":\"ListItem\",\"position\":1,\"name\":\"Startseite\",\"item\":\"https:\\\/\\\/blafor.com\\\/markt\\\/\"},{\"@type\":\"ListItem\",\"position\":2,\"name\":\"Katalog\",\"item\":\"https:\\\/\\\/blafor.com\\\/markt\\\/katalog\\\/\"},{\"@type\":\"ListItem\",\"position\":3,\"name\":\"Kids Hooded Sweatshirt Larkwood\"}]},{\"@type\":\"WebSite\",\"@id\":\"https:\\\/\\\/blafor.com\\\/markt\\\/#website\",\"url\":\"https:\\\/\\\/blafor.com\\\/markt\\\/\",\"name\":\"BlaFor.com Markt\",\"description\":\"Der Online-Marktplatz aus dem Schwarzwald\",\"publisher\":{\"@id\":\"https:\\\/\\\/blafor.com\\\/markt\\\/#organization\"},\"alternateName\":\"BlaFor Markt\",\"potentialAction\":[{\"@type\":\"SearchAction\",\"target\":{\"@type\":\"EntryPoint\",\"urlTemplate\":\"https:\\\/\\\/blafor.com\\\/markt\\\/?s={search_term_string}\"},\"query-input\":{\"@type\":\"PropertyValueSpecification\",\"valueRequired\":true,\"valueName\":\"search_term_string\"}}],\"inLanguage\":\"de\"},{\"@type\":\"Organization\",\"@id\":\"https:\\\/\\\/blafor.com\\\/markt\\\/#organization\",\"name\":\"BlaFor.com\",\"alternateName\":\"ALIZEL\",\"url\":\"https:\\\/\\\/blafor.com\\\/markt\\\/\",\"logo\":{\"@type\":\"ImageObject\",\"inLanguage\":\"de\",\"@id\":\"https:\\\/\\\/blafor.com\\\/markt\\\/#\\\/schema\\\/logo\\\/image\\\/\",\"url\":\"https:\\\/\\\/blafor.com\\\/markt\\\/wp-content\\\/uploads\\\/sites\\\/6\\\/2022\\\/07\\\/bfc-shop64.png\",\"contentUrl\":\"https:\\\/\\\/blafor.com\\\/markt\\\/wp-content\\\/uploads\\\/sites\\\/6\\\/2022\\\/07\\\/bfc-shop64.png\",\"width\":400,\"height\":160,\"caption\":\"BlaFor.com\"},\"image\":{\"@id\":\"https:\\\/\\\/blafor.com\\\/markt\\\/#\\\/schema\\\/logo\\\/image\\\/\"},\"sameAs\":[\"https:\\\/\\\/www.facebook.com\\\/BlaForCom\\\/\",\"https:\\\/\\\/www.linkedin.com\\\/showcase\\\/blaforcom\\\/\"]}]}<\/script>\n<!-- \/ Yoast SEO plugin. -->","yoast_head_json":{"title":"Kids Hooded Sweatshirt Larkwood : BlaFor.com Markt","robots":{"index":"index","follow":"follow","max-snippet":"max-snippet:-1","max-image-preview":"max-image-preview:large","max-video-preview":"max-video-preview:-1"},"canonical":"https:\/\/blafor.com\/markt\/produkt\/kids-hooded-sweatshirt-larkwood\/","og_locale":"de_DE","og_type":"article","og_title":"Kids Hooded Sweatshirt Larkwood : BlaFor.com Markt","og_description":"Kinder Kapuzenshirt (Kapuzenpulli) mit K\u00e4ngurutasche  F\u00fcr Kinder von 18 bis 24 Monate (K\u00f6rpergr\u00f6\u00dfe: 87 - 92 cm)  Verf\u00fcgbarer Farbe: Pale Pink (blasses Rosa)  Nur noch solange Vorrat reicht!","og_url":"https:\/\/blafor.com\/markt\/produkt\/kids-hooded-sweatshirt-larkwood\/","og_site_name":"BlaFor.com Markt","article_publisher":"https:\/\/www.facebook.com\/BlaForCom\/","article_modified_time":"2022-08-09T10:06:36+00:00","og_image":[{"width":600,"height":600,"url":"https:\/\/blafor.com\/markt\/wp-content\/uploads\/sites\/6\/2022\/08\/LW002-baby-pink.jpg","type":"image\/jpeg"}],"twitter_card":"summary_large_image","twitter_misc":{"Gesch\u00e4tzte Lesezeit":"1\u00a0Minute"},"schema":{"@context":"https:\/\/schema.org","@graph":[{"@type":"WebPage","@id":"https:\/\/blafor.com\/markt\/produkt\/kids-hooded-sweatshirt-larkwood\/","url":"https:\/\/blafor.com\/markt\/produkt\/kids-hooded-sweatshirt-larkwood\/","name":"Kids Hooded Sweatshirt Larkwood : BlaFor.com Markt","isPartOf":{"@id":"https:\/\/blafor.com\/markt\/#website"},"primaryImageOfPage":{"@id":"https:\/\/blafor.com\/markt\/produkt\/kids-hooded-sweatshirt-larkwood\/#primaryimage"},"image":{"@id":"https:\/\/blafor.com\/markt\/produkt\/kids-hooded-sweatshirt-larkwood\/#primaryimage"},"thumbnailUrl":"https:\/\/blafor.com\/markt\/wp-content\/uploads\/sites\/6\/2022\/08\/LW002-baby-pink.jpg","datePublished":"2022-07-09T09:50:45+00:00","dateModified":"2022-08-09T10:06:36+00:00","breadcrumb":{"@id":"https:\/\/blafor.com\/markt\/produkt\/kids-hooded-sweatshirt-larkwood\/#breadcrumb"},"inLanguage":"de","potentialAction":[{"@type":"ReadAction","target":["https:\/\/blafor.com\/markt\/produkt\/kids-hooded-sweatshirt-larkwood\/"]}]},{"@type":"ImageObject","inLanguage":"de","@id":"https:\/\/blafor.com\/markt\/produkt\/kids-hooded-sweatshirt-larkwood\/#primaryimage","url":"https:\/\/blafor.com\/markt\/wp-content\/uploads\/sites\/6\/2022\/08\/LW002-baby-pink.jpg","contentUrl":"https:\/\/blafor.com\/markt\/wp-content\/uploads\/sites\/6\/2022\/08\/LW002-baby-pink.jpg","width":600,"height":600},{"@type":"BreadcrumbList","@id":"https:\/\/blafor.com\/markt\/produkt\/kids-hooded-sweatshirt-larkwood\/#breadcrumb","itemListElement":[{"@type":"ListItem","position":1,"name":"Startseite","item":"https:\/\/blafor.com\/markt\/"},{"@type":"ListItem","position":2,"name":"Katalog","item":"https:\/\/blafor.com\/markt\/katalog\/"},{"@type":"ListItem","position":3,"name":"Kids Hooded Sweatshirt Larkwood"}]},{"@type":"WebSite","@id":"https:\/\/blafor.com\/markt\/#website","url":"https:\/\/blafor.com\/markt\/","name":"BlaFor.com Markt","description":"Der Online-Marktplatz aus dem Schwarzwald","publisher":{"@id":"https:\/\/blafor.com\/markt\/#organization"},"alternateName":"BlaFor Markt","potentialAction":[{"@type":"SearchAction","target":{"@type":"EntryPoint","urlTemplate":"https:\/\/blafor.com\/markt\/?s={search_term_string}"},"query-input":{"@type":"PropertyValueSpecification","valueRequired":true,"valueName":"search_term_string"}}],"inLanguage":"de"},{"@type":"Organization","@id":"https:\/\/blafor.com\/markt\/#organization","name":"BlaFor.com","alternateName":"ALIZEL","url":"https:\/\/blafor.com\/markt\/","logo":{"@type":"ImageObject","inLanguage":"de","@id":"https:\/\/blafor.com\/markt\/#\/schema\/logo\/image\/","url":"https:\/\/blafor.com\/markt\/wp-content\/uploads\/sites\/6\/2022\/07\/bfc-shop64.png","contentUrl":"https:\/\/blafor.com\/markt\/wp-content\/uploads\/sites\/6\/2022\/07\/bfc-shop64.png","width":400,"height":160,"caption":"BlaFor.com"},"image":{"@id":"https:\/\/blafor.com\/markt\/#\/schema\/logo\/image\/"},"sameAs":["https:\/\/www.facebook.com\/BlaForCom\/","https:\/\/www.linkedin.com\/showcase\/blaforcom\/"]}]}},"taxonomy_info":{"product_cat":[{"value":550,"label":"Hoodies Kinder"},{"value":227,"label":"Sale %"}],"product_tag":[{"value":231,"label":"Restposten"}],"pa_farbe":[{"value":275,"label":"Pale Pink"}],"pa_kindergroesse":[{"value":474,"label":"Gr. 92 \/ 2 Jahre \/ 87-92 cm"}],"pa_marke":[{"value":149,"label":"Larkwood"}],"pa_material":[{"value":264,"label":"80% Baumwolle \/ 20% Polyester"}],"pa_standort":[{"value":106,"label":"79843"}]},"featured_image_src_large":["https:\/\/blafor.com\/markt\/wp-content\/uploads\/sites\/6\/2022\/08\/LW002-baby-pink.jpg",600,600,false],"author_info":[],"comment_info":"","_links":{"self":[{"href":"https:\/\/blafor.com\/markt\/wp-json\/wp\/v2\/product\/2887","targetHints":{"allow":["GET"]}}],"collection":[{"href":"https:\/\/blafor.com\/markt\/wp-json\/wp\/v2\/product"}],"about":[{"href":"https:\/\/blafor.com\/markt\/wp-json\/wp\/v2\/types\/product"}],"wp:featuredmedia":[{"embeddable":true,"href":"https:\/\/blafor.com\/markt\/wp-json\/wp\/v2\/media\/2888"}],"wp:attachment":[{"href":"https:\/\/blafor.com\/markt\/wp-json\/wp\/v2\/media?parent=2887"}],"wp:term":[{"taxonomy":"product_brand","embeddable":true,"href":"https:\/\/blafor.com\/markt\/wp-json\/wp\/v2\/product_brand?post=2887"},{"taxonomy":"product_cat","embeddable":true,"href":"https:\/\/blafor.com\/markt\/wp-json\/wp\/v2\/product_cat?post=2887"},{"taxonomy":"product_tag","embeddable":true,"href":"https:\/\/blafor.com\/markt\/wp-json\/wp\/v2\/product_tag?post=2887"},{"taxonomy":"product_brands","embeddable":true,"href":"https:\/\/blafor.com\/markt\/wp-json\/wp\/v2\/product_brands?post=2887"}],"curies":[{"name":"wp","href":"https:\/\/api.w.org\/{rel}","templated":true}]}}