{"id":2738,"date":"2021-08-08T10:03:08","date_gmt":"2021-08-08T08:03:08","guid":{"rendered":"https:\/\/blafor.com\/markt\/?post_type=product&#038;p=2738"},"modified":"2022-08-08T10:14:44","modified_gmt":"2022-08-08T08:14:44","slug":"lara-skinny-jeans-dark-blue-so-denim","status":"publish","type":"product","link":"https:\/\/blafor.com\/markt\/produkt\/lara-skinny-jeans-dark-blue-so-denim\/","title":{"rendered":"Lara Skinny Jeans Dark Blue So Denim"},"content":{"rendered":"<h2>Lara Skinny Jeans Dark Blue So Denim<\/h2>\n<p>Die Lara Skinny Jeans in Dark Blue von So Denim ist eine R\u00f6hrenjeans f\u00fcr die stilbewusste Frau. Hergestellt aus weichen, dehnbaren Denim-Stoff und ist auf eine mittlere Leibh\u00f6he geschnitten.<\/p>\n<p>Merkmale: Hautenge Passform, Stretch-Denim, 5-Taschen-Stil, leicht sandgestrahlt und leichtes Whiskering, stoffgleiche G\u00fcrtelschlaufen, \u00d6senknopf und Hosenschlie\u00dfe mit YKK-Rei\u00dfverschluss, Metallnieten-Detail an den Ecken der Taschen, Details mit Zwillingsnadelstich.<\/p>\n<ul>\n<li>Skinny Jeans: Die Jeans hat eine klassische, schmale Passform am Bein<\/li>\n<li>Verf\u00fcgbare Gr\u00f6\u00dfen: 8 (36), 10 (38), 12 (40), 14 (42), 16 (44), 18 (46)<\/li>\n<li>Verf\u00fcgbare L\u00e4ngen: 30 (R\/regular\/normal\/77 cm) und 32 (L\/long\/lang\/82 cm)<\/li>\n<li>Farbe: DBW &#8211; Dark Blue Wash (dunkelblau)<\/li>\n<li>Material: Denim, 98% Baumwolle \/ 2% Elasthan<\/li>\n<li>Pflegehinweise: 30 \u00b0C waschbar, Chemische Reinigung m\u00f6glich, nicht Trockner geeignet, B\u00fcgeln max. 110\u00b0C<\/li>\n<\/ul>\n<p>*Bitte beachte, die dargestellten Farben in der Veranschaulichung am Bildschirm k\u00f6nnen von den Originalfarben abweichen.<\/p>\n<p>Artikel-Nr.: SD014-DBW<br \/>\nStyle: SD014, So Denim, Jeanshose, R\u00f6hrenjeans, Five-Pocket-Style<\/p>\n","protected":false},"excerpt":{"rendered":"<ul>\n<li>Modische R\u00f6hrenjeans f\u00fcr die stilbewusste Frau<\/li>\n<li>Stretch-Denim, schmale Passform, 5-Pocket-Styling<\/li>\n<li>Dark Blue Wash (dunkelblau, leicht sandgestrahlt und leichtes Whiskering)<\/li>\n<li>Weiteren Farben und Gr\u00f6\u00dfen auf Anfrage<\/li>\n<\/ul>\n","protected":false},"featured_media":2739,"template":"","meta":{"_kad_blocks_custom_css":"","_kad_blocks_head_custom_js":"","_kad_blocks_body_custom_js":"","_kad_blocks_footer_custom_js":"","_kadence_starter_templates_imported_post":false,"_kad_post_transparent":"default","_kad_post_title":"","_kad_post_layout":"default","_kad_post_sidebar_id":"","_kad_post_content_style":"default","_kad_post_vertical_padding":"default","_kad_post_feature":"","_kad_post_feature_position":"","_kad_post_header":false,"_kad_post_footer":false,"_kad_post_classname":""},"product_brand":[],"product_cat":[198],"product_tag":[391,394,521,397],"product_brands":[],"class_list":{"0":"post-2738","1":"product","2":"type-product","3":"status-publish","4":"has-post-thumbnail","6":"product_cat-jeans-damen","7":"product_tag-5-pocket-style","8":"product_tag-denim","9":"product_tag-street-style","10":"product_tag-stretch","11":"pa_farbe-denim-blue","12":"pa_hosengroesse-damen-36w-30l","13":"pa_hosengroesse-damen-42w-30l","14":"pa_marke-so-denim","15":"pa_material-98-baumwolle-2-elasthan","16":"pa_standort-106","18":"first","19":"instock","20":"taxable","21":"shipping-taxable","22":"purchasable","23":"product-type-variable","24":"entry","25":"content-bg","26":"loop-entry"},"yoast_head":"<!-- This site is optimized with the Yoast SEO plugin v27.5 - https:\/\/yoast.com\/product\/yoast-seo-wordpress\/ -->\n<title>Lara Skinny Jeans Dark Blue So Denim : BlaFor.com Markt<\/title>\n<meta name=\"robots\" content=\"index, follow, max-snippet:-1, max-image-preview:large, max-video-preview:-1\" \/>\n<link rel=\"canonical\" href=\"https:\/\/blafor.com\/markt\/produkt\/lara-skinny-jeans-dark-blue-so-denim\/\" \/>\n<meta property=\"og:locale\" content=\"de_DE\" \/>\n<meta property=\"og:type\" content=\"article\" \/>\n<meta property=\"og:title\" content=\"Lara Skinny Jeans Dark Blue So Denim : BlaFor.com Markt\" \/>\n<meta property=\"og:description\" content=\"Modische R\u00f6hrenjeans f\u00fcr die stilbewusste Frau  Stretch-Denim, schmale Passform, 5-Pocket-Styling  Dark Blue Wash (dunkelblau, leicht sandgestrahlt und leichtes Whiskering)  Weiteren Farben und Gr\u00f6\u00dfen auf Anfrage\" \/>\n<meta property=\"og:url\" content=\"https:\/\/blafor.com\/markt\/produkt\/lara-skinny-jeans-dark-blue-so-denim\/\" \/>\n<meta property=\"og:site_name\" content=\"BlaFor.com Markt\" \/>\n<meta property=\"article:publisher\" content=\"https:\/\/www.facebook.com\/BlaForCom\/\" \/>\n<meta property=\"article:modified_time\" content=\"2022-08-08T08:14:44+00:00\" \/>\n<meta property=\"og:image\" content=\"https:\/\/blafor.com\/markt\/wp-content\/uploads\/sites\/6\/2022\/08\/sd014dbwa.jpg\" \/>\n\t<meta property=\"og:image:width\" content=\"800\" \/>\n\t<meta property=\"og:image:height\" content=\"800\" \/>\n\t<meta property=\"og:image:type\" content=\"image\/jpeg\" \/>\n<meta name=\"twitter:card\" content=\"summary_large_image\" \/>\n<meta name=\"twitter:label1\" content=\"Gesch\u00e4tzte Lesezeit\" \/>\n\t<meta name=\"twitter:data1\" content=\"1\u00a0Minute\" \/>\n<script type=\"application\/ld+json\" class=\"yoast-schema-graph\">{\"@context\":\"https:\\\/\\\/schema.org\",\"@graph\":[{\"@type\":\"WebPage\",\"@id\":\"https:\\\/\\\/blafor.com\\\/markt\\\/produkt\\\/lara-skinny-jeans-dark-blue-so-denim\\\/\",\"url\":\"https:\\\/\\\/blafor.com\\\/markt\\\/produkt\\\/lara-skinny-jeans-dark-blue-so-denim\\\/\",\"name\":\"Lara Skinny Jeans Dark Blue So Denim : BlaFor.com Markt\",\"isPartOf\":{\"@id\":\"https:\\\/\\\/blafor.com\\\/markt\\\/#website\"},\"primaryImageOfPage\":{\"@id\":\"https:\\\/\\\/blafor.com\\\/markt\\\/produkt\\\/lara-skinny-jeans-dark-blue-so-denim\\\/#primaryimage\"},\"image\":{\"@id\":\"https:\\\/\\\/blafor.com\\\/markt\\\/produkt\\\/lara-skinny-jeans-dark-blue-so-denim\\\/#primaryimage\"},\"thumbnailUrl\":\"https:\\\/\\\/blafor.com\\\/markt\\\/wp-content\\\/uploads\\\/sites\\\/6\\\/2022\\\/08\\\/sd014dbwa.jpg\",\"datePublished\":\"2021-08-08T08:03:08+00:00\",\"dateModified\":\"2022-08-08T08:14:44+00:00\",\"breadcrumb\":{\"@id\":\"https:\\\/\\\/blafor.com\\\/markt\\\/produkt\\\/lara-skinny-jeans-dark-blue-so-denim\\\/#breadcrumb\"},\"inLanguage\":\"de\",\"potentialAction\":[{\"@type\":\"ReadAction\",\"target\":[\"https:\\\/\\\/blafor.com\\\/markt\\\/produkt\\\/lara-skinny-jeans-dark-blue-so-denim\\\/\"]}]},{\"@type\":\"ImageObject\",\"inLanguage\":\"de\",\"@id\":\"https:\\\/\\\/blafor.com\\\/markt\\\/produkt\\\/lara-skinny-jeans-dark-blue-so-denim\\\/#primaryimage\",\"url\":\"https:\\\/\\\/blafor.com\\\/markt\\\/wp-content\\\/uploads\\\/sites\\\/6\\\/2022\\\/08\\\/sd014dbwa.jpg\",\"contentUrl\":\"https:\\\/\\\/blafor.com\\\/markt\\\/wp-content\\\/uploads\\\/sites\\\/6\\\/2022\\\/08\\\/sd014dbwa.jpg\",\"width\":800,\"height\":800},{\"@type\":\"BreadcrumbList\",\"@id\":\"https:\\\/\\\/blafor.com\\\/markt\\\/produkt\\\/lara-skinny-jeans-dark-blue-so-denim\\\/#breadcrumb\",\"itemListElement\":[{\"@type\":\"ListItem\",\"position\":1,\"name\":\"Startseite\",\"item\":\"https:\\\/\\\/blafor.com\\\/markt\\\/\"},{\"@type\":\"ListItem\",\"position\":2,\"name\":\"Katalog\",\"item\":\"https:\\\/\\\/blafor.com\\\/markt\\\/katalog\\\/\"},{\"@type\":\"ListItem\",\"position\":3,\"name\":\"Lara Skinny Jeans Dark Blue So Denim\"}]},{\"@type\":\"WebSite\",\"@id\":\"https:\\\/\\\/blafor.com\\\/markt\\\/#website\",\"url\":\"https:\\\/\\\/blafor.com\\\/markt\\\/\",\"name\":\"BlaFor.com Markt\",\"description\":\"Der Online-Marktplatz aus dem Schwarzwald\",\"publisher\":{\"@id\":\"https:\\\/\\\/blafor.com\\\/markt\\\/#organization\"},\"alternateName\":\"BlaFor Markt\",\"potentialAction\":[{\"@type\":\"SearchAction\",\"target\":{\"@type\":\"EntryPoint\",\"urlTemplate\":\"https:\\\/\\\/blafor.com\\\/markt\\\/?s={search_term_string}\"},\"query-input\":{\"@type\":\"PropertyValueSpecification\",\"valueRequired\":true,\"valueName\":\"search_term_string\"}}],\"inLanguage\":\"de\"},{\"@type\":\"Organization\",\"@id\":\"https:\\\/\\\/blafor.com\\\/markt\\\/#organization\",\"name\":\"BlaFor.com\",\"alternateName\":\"ALIZEL\",\"url\":\"https:\\\/\\\/blafor.com\\\/markt\\\/\",\"logo\":{\"@type\":\"ImageObject\",\"inLanguage\":\"de\",\"@id\":\"https:\\\/\\\/blafor.com\\\/markt\\\/#\\\/schema\\\/logo\\\/image\\\/\",\"url\":\"https:\\\/\\\/blafor.com\\\/markt\\\/wp-content\\\/uploads\\\/sites\\\/6\\\/2022\\\/07\\\/bfc-shop64.png\",\"contentUrl\":\"https:\\\/\\\/blafor.com\\\/markt\\\/wp-content\\\/uploads\\\/sites\\\/6\\\/2022\\\/07\\\/bfc-shop64.png\",\"width\":400,\"height\":160,\"caption\":\"BlaFor.com\"},\"image\":{\"@id\":\"https:\\\/\\\/blafor.com\\\/markt\\\/#\\\/schema\\\/logo\\\/image\\\/\"},\"sameAs\":[\"https:\\\/\\\/www.facebook.com\\\/BlaForCom\\\/\",\"https:\\\/\\\/www.linkedin.com\\\/showcase\\\/blaforcom\\\/\"]}]}<\/script>\n<!-- \/ Yoast SEO plugin. -->","yoast_head_json":{"title":"Lara Skinny Jeans Dark Blue So Denim : BlaFor.com Markt","robots":{"index":"index","follow":"follow","max-snippet":"max-snippet:-1","max-image-preview":"max-image-preview:large","max-video-preview":"max-video-preview:-1"},"canonical":"https:\/\/blafor.com\/markt\/produkt\/lara-skinny-jeans-dark-blue-so-denim\/","og_locale":"de_DE","og_type":"article","og_title":"Lara Skinny Jeans Dark Blue So Denim : BlaFor.com Markt","og_description":"Modische R\u00f6hrenjeans f\u00fcr die stilbewusste Frau  Stretch-Denim, schmale Passform, 5-Pocket-Styling  Dark Blue Wash (dunkelblau, leicht sandgestrahlt und leichtes Whiskering)  Weiteren Farben und Gr\u00f6\u00dfen auf Anfrage","og_url":"https:\/\/blafor.com\/markt\/produkt\/lara-skinny-jeans-dark-blue-so-denim\/","og_site_name":"BlaFor.com Markt","article_publisher":"https:\/\/www.facebook.com\/BlaForCom\/","article_modified_time":"2022-08-08T08:14:44+00:00","og_image":[{"width":800,"height":800,"url":"https:\/\/blafor.com\/markt\/wp-content\/uploads\/sites\/6\/2022\/08\/sd014dbwa.jpg","type":"image\/jpeg"}],"twitter_card":"summary_large_image","twitter_misc":{"Gesch\u00e4tzte Lesezeit":"1\u00a0Minute"},"schema":{"@context":"https:\/\/schema.org","@graph":[{"@type":"WebPage","@id":"https:\/\/blafor.com\/markt\/produkt\/lara-skinny-jeans-dark-blue-so-denim\/","url":"https:\/\/blafor.com\/markt\/produkt\/lara-skinny-jeans-dark-blue-so-denim\/","name":"Lara Skinny Jeans Dark Blue So Denim : BlaFor.com Markt","isPartOf":{"@id":"https:\/\/blafor.com\/markt\/#website"},"primaryImageOfPage":{"@id":"https:\/\/blafor.com\/markt\/produkt\/lara-skinny-jeans-dark-blue-so-denim\/#primaryimage"},"image":{"@id":"https:\/\/blafor.com\/markt\/produkt\/lara-skinny-jeans-dark-blue-so-denim\/#primaryimage"},"thumbnailUrl":"https:\/\/blafor.com\/markt\/wp-content\/uploads\/sites\/6\/2022\/08\/sd014dbwa.jpg","datePublished":"2021-08-08T08:03:08+00:00","dateModified":"2022-08-08T08:14:44+00:00","breadcrumb":{"@id":"https:\/\/blafor.com\/markt\/produkt\/lara-skinny-jeans-dark-blue-so-denim\/#breadcrumb"},"inLanguage":"de","potentialAction":[{"@type":"ReadAction","target":["https:\/\/blafor.com\/markt\/produkt\/lara-skinny-jeans-dark-blue-so-denim\/"]}]},{"@type":"ImageObject","inLanguage":"de","@id":"https:\/\/blafor.com\/markt\/produkt\/lara-skinny-jeans-dark-blue-so-denim\/#primaryimage","url":"https:\/\/blafor.com\/markt\/wp-content\/uploads\/sites\/6\/2022\/08\/sd014dbwa.jpg","contentUrl":"https:\/\/blafor.com\/markt\/wp-content\/uploads\/sites\/6\/2022\/08\/sd014dbwa.jpg","width":800,"height":800},{"@type":"BreadcrumbList","@id":"https:\/\/blafor.com\/markt\/produkt\/lara-skinny-jeans-dark-blue-so-denim\/#breadcrumb","itemListElement":[{"@type":"ListItem","position":1,"name":"Startseite","item":"https:\/\/blafor.com\/markt\/"},{"@type":"ListItem","position":2,"name":"Katalog","item":"https:\/\/blafor.com\/markt\/katalog\/"},{"@type":"ListItem","position":3,"name":"Lara Skinny Jeans Dark Blue So Denim"}]},{"@type":"WebSite","@id":"https:\/\/blafor.com\/markt\/#website","url":"https:\/\/blafor.com\/markt\/","name":"BlaFor.com Markt","description":"Der Online-Marktplatz aus dem Schwarzwald","publisher":{"@id":"https:\/\/blafor.com\/markt\/#organization"},"alternateName":"BlaFor Markt","potentialAction":[{"@type":"SearchAction","target":{"@type":"EntryPoint","urlTemplate":"https:\/\/blafor.com\/markt\/?s={search_term_string}"},"query-input":{"@type":"PropertyValueSpecification","valueRequired":true,"valueName":"search_term_string"}}],"inLanguage":"de"},{"@type":"Organization","@id":"https:\/\/blafor.com\/markt\/#organization","name":"BlaFor.com","alternateName":"ALIZEL","url":"https:\/\/blafor.com\/markt\/","logo":{"@type":"ImageObject","inLanguage":"de","@id":"https:\/\/blafor.com\/markt\/#\/schema\/logo\/image\/","url":"https:\/\/blafor.com\/markt\/wp-content\/uploads\/sites\/6\/2022\/07\/bfc-shop64.png","contentUrl":"https:\/\/blafor.com\/markt\/wp-content\/uploads\/sites\/6\/2022\/07\/bfc-shop64.png","width":400,"height":160,"caption":"BlaFor.com"},"image":{"@id":"https:\/\/blafor.com\/markt\/#\/schema\/logo\/image\/"},"sameAs":["https:\/\/www.facebook.com\/BlaForCom\/","https:\/\/www.linkedin.com\/showcase\/blaforcom\/"]}]}},"taxonomy_info":{"product_cat":[{"value":198,"label":"Jeans Damen"}],"product_tag":[{"value":391,"label":"5 Pocket-Style"},{"value":394,"label":"Denim"},{"value":521,"label":"Street-Style"},{"value":397,"label":"Stretch"}],"pa_farbe":[{"value":356,"label":"Denim Blue"}],"pa_hosengroesse-damen":[{"value":318,"label":"36W \/ 30L"},{"value":322,"label":"42W \/ 30L"}],"pa_marke":[{"value":155,"label":"So Denim"}],"pa_material":[{"value":389,"label":"98% Baumwolle \/ 2% Elasthan"}],"pa_standort":[{"value":106,"label":"79843"}]},"featured_image_src_large":["https:\/\/blafor.com\/markt\/wp-content\/uploads\/sites\/6\/2022\/08\/sd014dbwa.jpg",800,800,false],"author_info":[],"comment_info":"","_links":{"self":[{"href":"https:\/\/blafor.com\/markt\/wp-json\/wp\/v2\/product\/2738","targetHints":{"allow":["GET"]}}],"collection":[{"href":"https:\/\/blafor.com\/markt\/wp-json\/wp\/v2\/product"}],"about":[{"href":"https:\/\/blafor.com\/markt\/wp-json\/wp\/v2\/types\/product"}],"wp:featuredmedia":[{"embeddable":true,"href":"https:\/\/blafor.com\/markt\/wp-json\/wp\/v2\/media\/2739"}],"wp:attachment":[{"href":"https:\/\/blafor.com\/markt\/wp-json\/wp\/v2\/media?parent=2738"}],"wp:term":[{"taxonomy":"product_brand","embeddable":true,"href":"https:\/\/blafor.com\/markt\/wp-json\/wp\/v2\/product_brand?post=2738"},{"taxonomy":"product_cat","embeddable":true,"href":"https:\/\/blafor.com\/markt\/wp-json\/wp\/v2\/product_cat?post=2738"},{"taxonomy":"product_tag","embeddable":true,"href":"https:\/\/blafor.com\/markt\/wp-json\/wp\/v2\/product_tag?post=2738"},{"taxonomy":"product_brands","embeddable":true,"href":"https:\/\/blafor.com\/markt\/wp-json\/wp\/v2\/product_brands?post=2738"}],"curies":[{"name":"wp","href":"https:\/\/api.w.org\/{rel}","templated":true}]}}