{"id":9,"date":"2022-05-29T07:44:29","date_gmt":"2022-05-29T05:44:29","guid":{"rendered":"https:\/\/blafor.com\/market\/?page_id=9"},"modified":"2022-09-01T06:53:35","modified_gmt":"2022-09-01T04:53:35","slug":"rueckerstattung-rueckgaben","status":"publish","type":"page","link":"https:\/\/blafor.com\/markt\/rueckerstattung-rueckgaben\/","title":{"rendered":"R\u00fcckerstattungen und R\u00fcckgaben"},"content":{"rendered":"<style>.wp-block-kadence-advancedheading.kt-adv-heading_c916d2-bc, .wp-block-kadence-advancedheading.kt-adv-heading_c916d2-bc[data-kb-block=\"kb-adv-heading_c916d2-bc\"]{font-style:normal;}.wp-block-kadence-advancedheading.kt-adv-heading_c916d2-bc mark.kt-highlight, .wp-block-kadence-advancedheading.kt-adv-heading_c916d2-bc[data-kb-block=\"kb-adv-heading_c916d2-bc\"] mark.kt-highlight{font-style:normal;color:#f76a0c;-webkit-box-decoration-break:clone;box-decoration-break:clone;padding-top:0px;padding-right:0px;padding-bottom:0px;padding-left:0px;}.wp-block-kadence-advancedheading.kt-adv-heading_c916d2-bc img.kb-inline-image, .wp-block-kadence-advancedheading.kt-adv-heading_c916d2-bc[data-kb-block=\"kb-adv-heading_c916d2-bc\"] img.kb-inline-image{width:150px;vertical-align:baseline;}<\/style>\n<h2 class=\"kt-adv-heading_c916d2-bc wp-block-kadence-advancedheading\" data-kb-block=\"kb-adv-heading_c916d2-bc\">Erstattungs- und R\u00fcckgabebestimmungen<\/h2>\n\n\n\n<p>Unser R\u00fcckerstattungs- und R\u00fcckgaberecht betr\u00e4gt 14 Tage ab Warenerhalt. Wenn seit Ihrem Kauf 14 Tage oder mehr vergangen sind, k\u00f6nnen wir Ihnen keine vollst\u00e4ndige R\u00fcckerstattung oder keinen Umtausch mehr anbieten.<\/p>\n\n\n\n<p>Um f\u00fcr eine R\u00fcckgabe in Frage zu kommen, muss die betreffende Ware unbenutzt sein und sich in demselben Zustand befinden, in dem Sie ihn erhalten haben. Au\u00dferdem muss sich diese in der Originalverpackung befinden.<\/p>\n\n\n\n<p>Um Ihre R\u00fccksendung zu bearbeiten und abzuschlie\u00dfen, ben\u00f6tigen wir die dazugeh\u00f6rende Rechnung.<\/p>\n\n\n\n<p>Warenr\u00fccksendungen schicken Sie bitte an die H\u00e4ndler- bzw. Verk\u00e4ufer-Adresse. Diese finden Sie auch auf der Verpackung der Lieferung.<\/p>\n\n\n<style>.wp-block-kadence-advancedheading.kt-adv-heading_2a18b5-fe, .wp-block-kadence-advancedheading.kt-adv-heading_2a18b5-fe[data-kb-block=\"kb-adv-heading_2a18b5-fe\"]{font-style:normal;}.wp-block-kadence-advancedheading.kt-adv-heading_2a18b5-fe mark.kt-highlight, .wp-block-kadence-advancedheading.kt-adv-heading_2a18b5-fe[data-kb-block=\"kb-adv-heading_2a18b5-fe\"] mark.kt-highlight{font-style:normal;color:#f76a0c;-webkit-box-decoration-break:clone;box-decoration-break:clone;padding-top:0px;padding-right:0px;padding-bottom:0px;padding-left:0px;}.wp-block-kadence-advancedheading.kt-adv-heading_2a18b5-fe img.kb-inline-image, .wp-block-kadence-advancedheading.kt-adv-heading_2a18b5-fe[data-kb-block=\"kb-adv-heading_2a18b5-fe\"] img.kb-inline-image{width:150px;vertical-align:baseline;}<\/style>\n<h2 class=\"kt-adv-heading_2a18b5-fe wp-block-kadence-advancedheading\" data-kb-block=\"kb-adv-heading_2a18b5-fe\">Von der R\u00fcckgabe ausgeschlossen<\/h2>\n\n\n\n<p>Von der R\u00fcckgabe ausgeschlossen sind verderbliche Waren wie Lebensmittel und Blumen sowie Zeitungen, Zeitschriften, Geschenk-Karten, Kosmetik, Unterw\u00e4sche, Bademoden sowie Intim- und Hygieneartikel.<\/p>\n\n\n\n<p>Das R\u00fcckgaberecht erlischt vorzeitig bei Vertr\u00e4gen \u00fcber die Lieferung versiegelter Waren, die aus Gr\u00fcnden des Gesundheitsschutzes oder der Hygiene nicht zur R\u00fcckgabe geeignet sind, wenn ihre Versiegelung nach der Lieferung entfernt wurde. Das R\u00fcckgaberecht erlischt vorzeitig mit der Ausf\u00fchrung bei Vertr\u00e4gen \u00fcber die Lieferung digitaler Produkte und \/ oder Ausf\u00fchrung von Dienstleistungen.<\/p>\n\n\n\n<p>Waren mit offensichtlichen Gebrauchsspuren und\/oder Besch\u00e4digungen die nicht auf unseren Fehler zur\u00fcckzuf\u00fchren sind sowie unvollst\u00e4ndige Waren sind von der R\u00fcckerstattung ausgeschlossen. In solchen F\u00e4llen k\u00f6nnen nur Teil-R\u00fcckerstattungen gew\u00e4hrt werden.<\/p>\n\n\n\n<p>Das R\u00fcckgaberecht besteht nicht bei Vertr\u00e4gen zur Lieferung von Waren, die vorgefertigt sind und f\u00fcr deren Herstellung eine individuelle Auswahl oder Bestimmung durch den Verbraucher ma\u00dfgeblich ist oder die eindeutig auf die pers\u00f6nlichen Bed\u00fcrfnisse des Verbrauchers zugeschnitten sind.<\/p>\n\n\n\n<p>Die Garantie- und Gew\u00e4hrleistungspflichten des Verk\u00e4ufers bleiben hiervon unber\u00fchrt.<\/p>\n\n\n<style>.wp-block-kadence-advancedheading.kt-adv-heading_8b7ec7-9c, .wp-block-kadence-advancedheading.kt-adv-heading_8b7ec7-9c[data-kb-block=\"kb-adv-heading_8b7ec7-9c\"]{font-style:normal;}.wp-block-kadence-advancedheading.kt-adv-heading_8b7ec7-9c mark.kt-highlight, .wp-block-kadence-advancedheading.kt-adv-heading_8b7ec7-9c[data-kb-block=\"kb-adv-heading_8b7ec7-9c\"] mark.kt-highlight{font-style:normal;color:#f76a0c;-webkit-box-decoration-break:clone;box-decoration-break:clone;padding-top:0px;padding-right:0px;padding-bottom:0px;padding-left:0px;}.wp-block-kadence-advancedheading.kt-adv-heading_8b7ec7-9c img.kb-inline-image, .wp-block-kadence-advancedheading.kt-adv-heading_8b7ec7-9c[data-kb-block=\"kb-adv-heading_8b7ec7-9c\"] img.kb-inline-image{width:150px;vertical-align:baseline;}<\/style>\n<h2 class=\"kt-adv-heading_8b7ec7-9c wp-block-kadence-advancedheading\" data-kb-block=\"kb-adv-heading_8b7ec7-9c\">Ist die gelieferte Ware besch\u00e4digt oder mangelhaft?<\/h2>\n\n\n\n<p>Ist eine Ware zum Zeitpunkt der \u00dcbereignung an den Kunden besch\u00e4digt oder mangelhaft, hat der Kunde das Recht auf einen Umtausch gegen fehlerfreie Ware oder auf eine Reparatur. Erst wenn das nicht m\u00f6glich ist, wird der Kaufpreis zur\u00fcckerstattet. In diesem Fall geht die R\u00fccksendungen zu kosten des Anbieters.<\/p>\n\n\n\n<p>Die Waren f\u00fcr eine R\u00fccksendung m\u00fcssen unbenutzt und in demselben Zustand sein, in dem Sie sie erhalten haben. Die Ware muss in der Originalverpackung ggf. inklusive aller dazu geh\u00f6render Unterlagen zur\u00fcckgeschickt werden.<\/p>\n\n\n<style>.wp-block-kadence-advancedheading.kt-adv-heading_a91de9-2f, .wp-block-kadence-advancedheading.kt-adv-heading_a91de9-2f[data-kb-block=\"kb-adv-heading_a91de9-2f\"]{font-style:normal;}.wp-block-kadence-advancedheading.kt-adv-heading_a91de9-2f mark.kt-highlight, .wp-block-kadence-advancedheading.kt-adv-heading_a91de9-2f[data-kb-block=\"kb-adv-heading_a91de9-2f\"] mark.kt-highlight{font-style:normal;color:#f76a0c;-webkit-box-decoration-break:clone;box-decoration-break:clone;padding-top:0px;padding-right:0px;padding-bottom:0px;padding-left:0px;}.wp-block-kadence-advancedheading.kt-adv-heading_a91de9-2f img.kb-inline-image, .wp-block-kadence-advancedheading.kt-adv-heading_a91de9-2f[data-kb-block=\"kb-adv-heading_a91de9-2f\"] img.kb-inline-image{width:150px;vertical-align:baseline;}<\/style>\n<h2 class=\"kt-adv-heading_a91de9-2f wp-block-kadence-advancedheading\" data-kb-block=\"kb-adv-heading_a91de9-2f\">R\u00fcckerstattung<\/h2>\n\n\n\n<p>Sobald der Verk\u00e4ufer Ihre R\u00fccksendung erhalten und gepr\u00fcft hat, wird Ihnen eine E-Mail gesendet, um Sie \u00fcber die Genehmigung oder Ablehnung Ihrer R\u00fcckerstattung zu informieren.<\/p>\n\n\n\n<p>Im Falle einer Genehmigung wird Ihre R\u00fcckerstattung bearbeitet und innerhalb von 14 Tagen automatisch auf Ihre urspr\u00fcngliche Zahlungsmethode zur\u00fcckgebucht.<\/p>\n\n\n<style>.wp-block-kadence-advancedheading.kt-adv-heading_61839d-00, .wp-block-kadence-advancedheading.kt-adv-heading_61839d-00[data-kb-block=\"kb-adv-heading_61839d-00\"]{font-style:normal;}.wp-block-kadence-advancedheading.kt-adv-heading_61839d-00 mark.kt-highlight, .wp-block-kadence-advancedheading.kt-adv-heading_61839d-00[data-kb-block=\"kb-adv-heading_61839d-00\"] mark.kt-highlight{font-style:normal;color:#f76a0c;-webkit-box-decoration-break:clone;box-decoration-break:clone;padding-top:0px;padding-right:0px;padding-bottom:0px;padding-left:0px;}.wp-block-kadence-advancedheading.kt-adv-heading_61839d-00 img.kb-inline-image, .wp-block-kadence-advancedheading.kt-adv-heading_61839d-00[data-kb-block=\"kb-adv-heading_61839d-00\"] img.kb-inline-image{width:150px;vertical-align:baseline;}<\/style>\n<h2 class=\"kt-adv-heading_61839d-00 wp-block-kadence-advancedheading\" data-kb-block=\"kb-adv-heading_61839d-00\">Retouren sind umweltsch\u00e4dlich und teuer<\/h2>\n\n\n\n<p>Retouren sind nicht umsonst, sie verursachen Kosten, f\u00fcr dich, f\u00fcr uns und sie sind sowas von Umweltsch\u00e4dlich. Bedenke das bei deinem Einkauf. Im Zweifelsfall frage beim Verk\u00e4ufer nach. Lese dazu auch den Beitrag &#8222;<a href=\"https:\/\/blafor.com\/markt\/retouren-im-online-handel\/\">Retouren im Online-Handel<\/a>&#8222;.<\/p>\n\n\n<style>.wp-block-kadence-advancedheading.kt-adv-heading_bea120-ab, .wp-block-kadence-advancedheading.kt-adv-heading_bea120-ab[data-kb-block=\"kb-adv-heading_bea120-ab\"]{font-style:normal;}.wp-block-kadence-advancedheading.kt-adv-heading_bea120-ab mark.kt-highlight, .wp-block-kadence-advancedheading.kt-adv-heading_bea120-ab[data-kb-block=\"kb-adv-heading_bea120-ab\"] mark.kt-highlight{font-style:normal;color:#f76a0c;-webkit-box-decoration-break:clone;box-decoration-break:clone;padding-top:0px;padding-right:0px;padding-bottom:0px;padding-left:0px;}.wp-block-kadence-advancedheading.kt-adv-heading_bea120-ab img.kb-inline-image, .wp-block-kadence-advancedheading.kt-adv-heading_bea120-ab[data-kb-block=\"kb-adv-heading_bea120-ab\"] img.kb-inline-image{width:150px;vertical-align:baseline;}<\/style>\n<h2 class=\"kt-adv-heading_bea120-ab wp-block-kadence-advancedheading\" data-kb-block=\"kb-adv-heading_bea120-ab\">Brauchst du Hilfe?<\/h2>\n\n\n\n<p>Das Team um BlaFor.com steht dir gerne zu Seite, kontaktiere uns <a href=\"https:\/\/blafor.com\/markt\/kontakt\/\">hier unter Kontakt<\/a> oder schau dir die <a href=\"https:\/\/blafor.com\/markt\/faq\/#reklamation\">FAQ zu diesem Thema<\/a> an, evtl. ist da deine Frage bereits beantwortet.<\/p>\n","protected":false},"excerpt":{"rendered":"<p>Erstattungs- und R\u00fcckgabebestimmungen Unser R\u00fcckerstattungs- und R\u00fcckgaberecht betr\u00e4gt 14 Tage ab Warenerhalt. Wenn seit Ihrem Kauf 14 Tage oder mehr vergangen sind, k\u00f6nnen wir Ihnen keine vollst\u00e4ndige R\u00fcckerstattung oder keinen Umtausch mehr anbieten. Um f\u00fcr eine R\u00fcckgabe in Frage zu kommen, muss die betreffende Ware unbenutzt sein und sich in demselben Zustand befinden, in dem&#8230;<\/p>\n","protected":false},"author":1,"featured_media":0,"parent":0,"menu_order":0,"comment_status":"closed","ping_status":"closed","template":"","meta":{"_kad_blocks_custom_css":"","_kad_blocks_head_custom_js":"","_kad_blocks_body_custom_js":"","_kad_blocks_footer_custom_js":"","_kadence_starter_templates_imported_post":false,"_kad_post_transparent":"","_kad_post_title":"","_kad_post_layout":"left","_kad_post_sidebar_id":"","_kad_post_content_style":"","_kad_post_vertical_padding":"","_kad_post_feature":"","_kad_post_feature_position":"","_kad_post_header":false,"_kad_post_footer":false,"_kad_post_classname":"","footnotes":""},"class_list":["post-9","page","type-page","status-publish","hentry"],"yoast_head":"<!-- This site is optimized with the Yoast SEO plugin v27.3 - https:\/\/yoast.com\/product\/yoast-seo-wordpress\/ -->\n<title>R\u00fcckerstattungen und R\u00fcckgaben : BlaFor.com Markt<\/title>\n<meta name=\"robots\" content=\"index, follow, max-snippet:-1, max-image-preview:large, max-video-preview:-1\" \/>\n<link rel=\"canonical\" href=\"https:\/\/blafor.com\/markt\/rueckerstattung-rueckgaben\/\" \/>\n<meta property=\"og:locale\" content=\"de_DE\" \/>\n<meta property=\"og:type\" content=\"article\" \/>\n<meta property=\"og:title\" content=\"R\u00fcckerstattungen und R\u00fcckgaben : BlaFor.com Markt\" \/>\n<meta property=\"og:description\" content=\"Erstattungs- und R\u00fcckgabebestimmungen Unser R\u00fcckerstattungs- und R\u00fcckgaberecht betr\u00e4gt 14 Tage ab Warenerhalt. Wenn seit Ihrem Kauf 14 Tage oder mehr vergangen sind, k\u00f6nnen wir Ihnen keine vollst\u00e4ndige R\u00fcckerstattung oder keinen Umtausch mehr anbieten. Um f\u00fcr eine R\u00fcckgabe in Frage zu kommen, muss die betreffende Ware unbenutzt sein und sich in demselben Zustand befinden, in dem...\" \/>\n<meta property=\"og:url\" content=\"https:\/\/blafor.com\/markt\/rueckerstattung-rueckgaben\/\" \/>\n<meta property=\"og:site_name\" content=\"BlaFor.com Markt\" \/>\n<meta property=\"article:publisher\" content=\"https:\/\/www.facebook.com\/BlaForCom\/\" \/>\n<meta property=\"article:modified_time\" content=\"2022-09-01T04:53:35+00:00\" \/>\n<meta property=\"og:image\" content=\"https:\/\/blafor.com\/markt\/wp-content\/uploads\/sites\/6\/2025\/01\/blaforcom1801.jpg\" \/>\n\t<meta property=\"og:image:width\" content=\"1800\" \/>\n\t<meta property=\"og:image:height\" content=\"900\" \/>\n\t<meta property=\"og:image:type\" content=\"image\/jpeg\" \/>\n<meta name=\"twitter:card\" content=\"summary_large_image\" \/>\n<meta name=\"twitter:label1\" content=\"Gesch\u00e4tzte Lesezeit\" \/>\n\t<meta name=\"twitter:data1\" content=\"3\u00a0Minuten\" \/>\n<script type=\"application\/ld+json\" class=\"yoast-schema-graph\">{\"@context\":\"https:\\\/\\\/schema.org\",\"@graph\":[{\"@type\":\"WebPage\",\"@id\":\"https:\\\/\\\/blafor.com\\\/markt\\\/rueckerstattung-rueckgaben\\\/\",\"url\":\"https:\\\/\\\/blafor.com\\\/markt\\\/rueckerstattung-rueckgaben\\\/\",\"name\":\"R\u00fcckerstattungen und R\u00fcckgaben : BlaFor.com Markt\",\"isPartOf\":{\"@id\":\"https:\\\/\\\/blafor.com\\\/markt\\\/#website\"},\"datePublished\":\"2022-05-29T05:44:29+00:00\",\"dateModified\":\"2022-09-01T04:53:35+00:00\",\"breadcrumb\":{\"@id\":\"https:\\\/\\\/blafor.com\\\/markt\\\/rueckerstattung-rueckgaben\\\/#breadcrumb\"},\"inLanguage\":\"de\",\"potentialAction\":[{\"@type\":\"ReadAction\",\"target\":[\"https:\\\/\\\/blafor.com\\\/markt\\\/rueckerstattung-rueckgaben\\\/\"]}]},{\"@type\":\"BreadcrumbList\",\"@id\":\"https:\\\/\\\/blafor.com\\\/markt\\\/rueckerstattung-rueckgaben\\\/#breadcrumb\",\"itemListElement\":[{\"@type\":\"ListItem\",\"position\":1,\"name\":\"Startseite\",\"item\":\"https:\\\/\\\/blafor.com\\\/markt\\\/\"},{\"@type\":\"ListItem\",\"position\":2,\"name\":\"R\u00fcckerstattungen und R\u00fcckgaben\"}]},{\"@type\":\"WebSite\",\"@id\":\"https:\\\/\\\/blafor.com\\\/markt\\\/#website\",\"url\":\"https:\\\/\\\/blafor.com\\\/markt\\\/\",\"name\":\"BlaFor.com Markt\",\"description\":\"Der Online-Marktplatz aus dem Schwarzwald\",\"publisher\":{\"@id\":\"https:\\\/\\\/blafor.com\\\/markt\\\/#organization\"},\"alternateName\":\"BlaFor Markt\",\"potentialAction\":[{\"@type\":\"SearchAction\",\"target\":{\"@type\":\"EntryPoint\",\"urlTemplate\":\"https:\\\/\\\/blafor.com\\\/markt\\\/?s={search_term_string}\"},\"query-input\":{\"@type\":\"PropertyValueSpecification\",\"valueRequired\":true,\"valueName\":\"search_term_string\"}}],\"inLanguage\":\"de\"},{\"@type\":\"Organization\",\"@id\":\"https:\\\/\\\/blafor.com\\\/markt\\\/#organization\",\"name\":\"BlaFor.com\",\"alternateName\":\"ALIZEL\",\"url\":\"https:\\\/\\\/blafor.com\\\/markt\\\/\",\"logo\":{\"@type\":\"ImageObject\",\"inLanguage\":\"de\",\"@id\":\"https:\\\/\\\/blafor.com\\\/markt\\\/#\\\/schema\\\/logo\\\/image\\\/\",\"url\":\"https:\\\/\\\/blafor.com\\\/markt\\\/wp-content\\\/uploads\\\/sites\\\/6\\\/2022\\\/07\\\/bfc-shop64.png\",\"contentUrl\":\"https:\\\/\\\/blafor.com\\\/markt\\\/wp-content\\\/uploads\\\/sites\\\/6\\\/2022\\\/07\\\/bfc-shop64.png\",\"width\":400,\"height\":160,\"caption\":\"BlaFor.com\"},\"image\":{\"@id\":\"https:\\\/\\\/blafor.com\\\/markt\\\/#\\\/schema\\\/logo\\\/image\\\/\"},\"sameAs\":[\"https:\\\/\\\/www.facebook.com\\\/BlaForCom\\\/\",\"https:\\\/\\\/www.linkedin.com\\\/showcase\\\/blaforcom\\\/\"]}]}<\/script>\n<!-- \/ Yoast SEO plugin. -->","yoast_head_json":{"title":"R\u00fcckerstattungen und R\u00fcckgaben : BlaFor.com Markt","robots":{"index":"index","follow":"follow","max-snippet":"max-snippet:-1","max-image-preview":"max-image-preview:large","max-video-preview":"max-video-preview:-1"},"canonical":"https:\/\/blafor.com\/markt\/rueckerstattung-rueckgaben\/","og_locale":"de_DE","og_type":"article","og_title":"R\u00fcckerstattungen und R\u00fcckgaben : BlaFor.com Markt","og_description":"Erstattungs- und R\u00fcckgabebestimmungen Unser R\u00fcckerstattungs- und R\u00fcckgaberecht betr\u00e4gt 14 Tage ab Warenerhalt. Wenn seit Ihrem Kauf 14 Tage oder mehr vergangen sind, k\u00f6nnen wir Ihnen keine vollst\u00e4ndige R\u00fcckerstattung oder keinen Umtausch mehr anbieten. Um f\u00fcr eine R\u00fcckgabe in Frage zu kommen, muss die betreffende Ware unbenutzt sein und sich in demselben Zustand befinden, in dem...","og_url":"https:\/\/blafor.com\/markt\/rueckerstattung-rueckgaben\/","og_site_name":"BlaFor.com Markt","article_publisher":"https:\/\/www.facebook.com\/BlaForCom\/","article_modified_time":"2022-09-01T04:53:35+00:00","og_image":[{"width":1800,"height":900,"url":"https:\/\/blafor.com\/markt\/wp-content\/uploads\/sites\/6\/2025\/01\/blaforcom1801.jpg","type":"image\/jpeg"}],"twitter_card":"summary_large_image","twitter_misc":{"Gesch\u00e4tzte Lesezeit":"3\u00a0Minuten"},"schema":{"@context":"https:\/\/schema.org","@graph":[{"@type":"WebPage","@id":"https:\/\/blafor.com\/markt\/rueckerstattung-rueckgaben\/","url":"https:\/\/blafor.com\/markt\/rueckerstattung-rueckgaben\/","name":"R\u00fcckerstattungen und R\u00fcckgaben : BlaFor.com Markt","isPartOf":{"@id":"https:\/\/blafor.com\/markt\/#website"},"datePublished":"2022-05-29T05:44:29+00:00","dateModified":"2022-09-01T04:53:35+00:00","breadcrumb":{"@id":"https:\/\/blafor.com\/markt\/rueckerstattung-rueckgaben\/#breadcrumb"},"inLanguage":"de","potentialAction":[{"@type":"ReadAction","target":["https:\/\/blafor.com\/markt\/rueckerstattung-rueckgaben\/"]}]},{"@type":"BreadcrumbList","@id":"https:\/\/blafor.com\/markt\/rueckerstattung-rueckgaben\/#breadcrumb","itemListElement":[{"@type":"ListItem","position":1,"name":"Startseite","item":"https:\/\/blafor.com\/markt\/"},{"@type":"ListItem","position":2,"name":"R\u00fcckerstattungen und R\u00fcckgaben"}]},{"@type":"WebSite","@id":"https:\/\/blafor.com\/markt\/#website","url":"https:\/\/blafor.com\/markt\/","name":"BlaFor.com Markt","description":"Der Online-Marktplatz aus dem Schwarzwald","publisher":{"@id":"https:\/\/blafor.com\/markt\/#organization"},"alternateName":"BlaFor Markt","potentialAction":[{"@type":"SearchAction","target":{"@type":"EntryPoint","urlTemplate":"https:\/\/blafor.com\/markt\/?s={search_term_string}"},"query-input":{"@type":"PropertyValueSpecification","valueRequired":true,"valueName":"search_term_string"}}],"inLanguage":"de"},{"@type":"Organization","@id":"https:\/\/blafor.com\/markt\/#organization","name":"BlaFor.com","alternateName":"ALIZEL","url":"https:\/\/blafor.com\/markt\/","logo":{"@type":"ImageObject","inLanguage":"de","@id":"https:\/\/blafor.com\/markt\/#\/schema\/logo\/image\/","url":"https:\/\/blafor.com\/markt\/wp-content\/uploads\/sites\/6\/2022\/07\/bfc-shop64.png","contentUrl":"https:\/\/blafor.com\/markt\/wp-content\/uploads\/sites\/6\/2022\/07\/bfc-shop64.png","width":400,"height":160,"caption":"BlaFor.com"},"image":{"@id":"https:\/\/blafor.com\/markt\/#\/schema\/logo\/image\/"},"sameAs":["https:\/\/www.facebook.com\/BlaForCom\/","https:\/\/www.linkedin.com\/showcase\/blaforcom\/"]}]}},"taxonomy_info":[],"featured_image_src_large":false,"author_info":{"display_name":"ALIZEL","author_link":"https:\/\/blafor.com\/markt\/author\/zeljko\/"},"comment_info":0,"_links":{"self":[{"href":"https:\/\/blafor.com\/markt\/wp-json\/wp\/v2\/pages\/9","targetHints":{"allow":["GET"]}}],"collection":[{"href":"https:\/\/blafor.com\/markt\/wp-json\/wp\/v2\/pages"}],"about":[{"href":"https:\/\/blafor.com\/markt\/wp-json\/wp\/v2\/types\/page"}],"author":[{"embeddable":true,"href":"https:\/\/blafor.com\/markt\/wp-json\/wp\/v2\/users\/1"}],"replies":[{"embeddable":true,"href":"https:\/\/blafor.com\/markt\/wp-json\/wp\/v2\/comments?post=9"}],"version-history":[{"count":0,"href":"https:\/\/blafor.com\/markt\/wp-json\/wp\/v2\/pages\/9\/revisions"}],"wp:attachment":[{"href":"https:\/\/blafor.com\/markt\/wp-json\/wp\/v2\/media?parent=9"}],"curies":[{"name":"wp","href":"https:\/\/api.w.org\/{rel}","templated":true}]}}