{"id":1198,"date":"2022-05-30T07:43:56","date_gmt":"2022-05-30T05:43:56","guid":{"rendered":"https:\/\/blafor.com\/market\/?page_id=1198"},"modified":"2022-09-02T06:26:40","modified_gmt":"2022-09-02T04:26:40","slug":"echtheit-von-bewertungen","status":"publish","type":"page","link":"https:\/\/blafor.com\/markt\/echtheit-von-bewertungen\/","title":{"rendered":"Echtheit von Bewertungen"},"content":{"rendered":"<style>.wp-block-kadence-advancedheading.kt-adv-heading_cdd2bb-74, .wp-block-kadence-advancedheading.kt-adv-heading_cdd2bb-74[data-kb-block=\"kb-adv-heading_cdd2bb-74\"]{font-style:normal;}.wp-block-kadence-advancedheading.kt-adv-heading_cdd2bb-74 mark.kt-highlight, .wp-block-kadence-advancedheading.kt-adv-heading_cdd2bb-74[data-kb-block=\"kb-adv-heading_cdd2bb-74\"] mark.kt-highlight{font-style:normal;color:#f76a0c;-webkit-box-decoration-break:clone;box-decoration-break:clone;padding-top:0px;padding-right:0px;padding-bottom:0px;padding-left:0px;}.wp-block-kadence-advancedheading.kt-adv-heading_cdd2bb-74 img.kb-inline-image, .wp-block-kadence-advancedheading.kt-adv-heading_cdd2bb-74[data-kb-block=\"kb-adv-heading_cdd2bb-74\"] img.kb-inline-image{width:150px;vertical-align:baseline;}<\/style>\n<h2 class=\"kt-adv-heading_cdd2bb-74 wp-block-kadence-advancedheading\" data-kb-block=\"kb-adv-heading_cdd2bb-74\">Bewertungen &amp; Bewertungsrichtlinien<\/h2>\n\n\n\n<p>Bewertungen auf unserer Website k\u00f6nnen nur von Kunden mit registriertem Nutzer-Konto abgegeben werden und dies auch nur f\u00fcr Produkte und Dienstleistungen, die sie tats\u00e4chlich \u00fcber BlaFor.com erworben haben. Die Bewertungsfunktion wird also erst nach einem erfolgten Kauf freigeschaltet.<\/p>\n\n\n<style>.wp-block-kadence-advancedheading.kt-adv-heading_9e15d8-a2, .wp-block-kadence-advancedheading.kt-adv-heading_9e15d8-a2[data-kb-block=\"kb-adv-heading_9e15d8-a2\"]{font-style:normal;}.wp-block-kadence-advancedheading.kt-adv-heading_9e15d8-a2 mark.kt-highlight, .wp-block-kadence-advancedheading.kt-adv-heading_9e15d8-a2[data-kb-block=\"kb-adv-heading_9e15d8-a2\"] mark.kt-highlight{font-style:normal;color:#f76a0c;-webkit-box-decoration-break:clone;box-decoration-break:clone;padding-top:0px;padding-right:0px;padding-bottom:0px;padding-left:0px;}.wp-block-kadence-advancedheading.kt-adv-heading_9e15d8-a2 img.kb-inline-image, .wp-block-kadence-advancedheading.kt-adv-heading_9e15d8-a2[data-kb-block=\"kb-adv-heading_9e15d8-a2\"] img.kb-inline-image{width:150px;vertical-align:baseline;}<\/style>\n<h2 class=\"kt-adv-heading_9e15d8-a2 wp-block-kadence-advancedheading\" data-kb-block=\"kb-adv-heading_9e15d8-a2\">Wir verwenden manuelle Pr\u00fcfmechanismen<\/h2>\n\n\n\n<ul class=\"wp-block-list\"><li>Jede eingehende Bewertung wird bei uns manuell gesichtet und \u00fcberpr\u00fcft. Hierbei \u00fcberpr\u00fcfen wir den Inhalt der Bewertung u. a. nach logischen Widerspr\u00fcchen und anderen Auff\u00e4lligkeiten.<\/li><li>Alle Bewertungen werden von unserem Team einer generellen Pausibilit\u00e4tskontrolle unterzogen. Hierbei \u00fcberpr\u00fcfen wir, ob Erwerb und Bewertung des Produkts in zeitlichem und r\u00e4umlichem Verh\u00e4ltnis zueinander stehen und ob inhaltliche Widerspr\u00fcche bestehen. Dadurch gehen wir der Frage nach, ob der Kunde das Produkt tats\u00e4chlich genutzt hat.<\/li><li>Jeder Besucher unserer Internetseite hat die M\u00f6glichkeit, uns auff\u00e4llige Bewertungen unter optionaler Nennung von Gr\u00fcnden zu melden.<\/li><\/ul>\n\n\n\n<p>Mit den Verfassern von auff\u00e4lligen Bewertungen treten wir in Kontakt, um die Aussagen in deren Bewertung gegebenenfalls verifizieren zu k\u00f6nnen. Kl\u00e4ren sich die Umst\u00e4nde auf, wird die Bewertung dementsprechend angepasst. Bleiben die Umst\u00e4nde f\u00fcr die Abgabe einer Bewertungs zu vage und unklar, bleibt die entsprechende Bewertung herausgefiltert. Sie wird nicht weiter angezeigt oder gar nicht erst ver\u00f6ffentlicht. Alle auf diese Art und Weise herausgefilterten Bewertungen flie\u00dfen nicht in die jeweilige Gesamtwertung ein.<\/p>\n\n\n\n<p>Eine strengere Filterung negativer oder Bevorzugung von positiven Bewertungen findet nicht statt. Solange eine Bewertung den oben genannten Kriterien entspricht, wird sie ungeachtet dessen, ob sie wohlwollend, kritisch oder gar abwertend formuliert ist, gleichwertig ver\u00f6ffentlicht.<\/p>\n\n\n<style>.wp-block-kadence-advancedheading.kt-adv-heading_808746-a2, .wp-block-kadence-advancedheading.kt-adv-heading_808746-a2[data-kb-block=\"kb-adv-heading_808746-a2\"]{font-style:normal;}.wp-block-kadence-advancedheading.kt-adv-heading_808746-a2 mark.kt-highlight, .wp-block-kadence-advancedheading.kt-adv-heading_808746-a2[data-kb-block=\"kb-adv-heading_808746-a2\"] mark.kt-highlight{font-style:normal;color:#f76a0c;-webkit-box-decoration-break:clone;box-decoration-break:clone;padding-top:0px;padding-right:0px;padding-bottom:0px;padding-left:0px;}.wp-block-kadence-advancedheading.kt-adv-heading_808746-a2 img.kb-inline-image, .wp-block-kadence-advancedheading.kt-adv-heading_808746-a2[data-kb-block=\"kb-adv-heading_808746-a2\"] img.kb-inline-image{width:150px;vertical-align:baseline;}<\/style>\n<h2 class=\"kt-adv-heading_808746-a2 wp-block-kadence-advancedheading\" data-kb-block=\"kb-adv-heading_808746-a2\">Bewertungsrichtlinien<\/h2>\n\n\n\n<p>Wir freuen uns sehr, wenn du Produkte oder Dienstleistungen bewerten m\u00f6chtest. Damit deine Bewertung ver\u00f6ffentlicht werden kann, bitten wir dich, bei Abgabe der Bewertung folgende Richtlinien zu beachten:<\/p>\n\n\n\n<ul class=\"wp-block-list\"><li>Die Bewertung darf selbstverst\u00e4ndlich deine Meinung und ggf. Kritik enthalten. Jegliche Form von Diskriminierung und Beleidigungen werden dagegen nicht toleriert.<\/li><li>Es ist nicht erlaubt, Werbung f\u00fcr andere Produkte in Bewertungen zu hinterlassen.<\/li><li>Wir erlauben keine Bewertungen von sog. Produkt-Testern.<\/li><li>Du darfst f\u00fcr die Bewertung keine finanzielle Gegenleistungen von Dritten erhalten.<\/li><li>Bewertungen m\u00fcssen auf ihren Erfahrungen mit dem Produkt beruhen und der Wahrheit entsprechen. Jegliche Form von unwahren Behauptungen und Manipulationsversuchen werden nicht geduldet.<\/li><\/ul>\n\n\n\n<p>Bei Verst\u00f6\u00dfen gegen unsere Bewertungsrichtlinien behalten wir uns vor, Nutzer-Konten sowie von diesen abgegebene Bewertungen vor\u00fcbergehend oder dauerhaft zu sperren.<\/p>\n\n\n<style>.wp-block-kadence-advancedheading.kt-adv-heading_3009bb-90, .wp-block-kadence-advancedheading.kt-adv-heading_3009bb-90[data-kb-block=\"kb-adv-heading_3009bb-90\"]{font-style:normal;}.wp-block-kadence-advancedheading.kt-adv-heading_3009bb-90 mark.kt-highlight, .wp-block-kadence-advancedheading.kt-adv-heading_3009bb-90[data-kb-block=\"kb-adv-heading_3009bb-90\"] mark.kt-highlight{font-style:normal;color:#f76a0c;-webkit-box-decoration-break:clone;box-decoration-break:clone;padding-top:0px;padding-right:0px;padding-bottom:0px;padding-left:0px;}.wp-block-kadence-advancedheading.kt-adv-heading_3009bb-90 img.kb-inline-image, .wp-block-kadence-advancedheading.kt-adv-heading_3009bb-90[data-kb-block=\"kb-adv-heading_3009bb-90\"] img.kb-inline-image{width:150px;vertical-align:baseline;}<\/style>\n<h2 class=\"kt-adv-heading_3009bb-90 wp-block-kadence-advancedheading\" data-kb-block=\"kb-adv-heading_3009bb-90\">Brauchst du Hilfe?<\/h2>\n\n\n\n<p>Das Team um BlaFor.com steht dir gerne zu Seite, kontaktiere uns\u00a0<a href=\"https:\/\/blafor.com\/markt\/kontakt\/\">hier unter Kontakt<\/a>\u00a0oder schau dir die\u00a0<a href=\"https:\/\/blafor.com\/markt\/faq\/#allgemein\">FAQ zu diesem Thema<\/a>\u00a0an, evtl. ist da deine Frage bereits beantwortet.<\/p>\n","protected":false},"excerpt":{"rendered":"<p>Bewertungen &amp; Bewertungsrichtlinien Bewertungen auf unserer Website k\u00f6nnen nur von Kunden mit registriertem Nutzer-Konto abgegeben werden und dies auch nur f\u00fcr Produkte und Dienstleistungen, die sie tats\u00e4chlich \u00fcber BlaFor.com erworben haben. Die Bewertungsfunktion wird also erst nach einem erfolgten Kauf freigeschaltet. Wir verwenden manuelle Pr\u00fcfmechanismen Jede eingehende Bewertung wird bei uns manuell gesichtet und \u00fcberpr\u00fcft&#8230;.<\/p>\n","protected":false},"author":1,"featured_media":0,"parent":0,"menu_order":0,"comment_status":"closed","ping_status":"closed","template":"","meta":{"_kad_blocks_custom_css":"","_kad_blocks_head_custom_js":"","_kad_blocks_body_custom_js":"","_kad_blocks_footer_custom_js":"","_kadence_starter_templates_imported_post":false,"_kad_post_transparent":"","_kad_post_title":"","_kad_post_layout":"left","_kad_post_sidebar_id":"sidebar-primary","_kad_post_content_style":"","_kad_post_vertical_padding":"","_kad_post_feature":"","_kad_post_feature_position":"","_kad_post_header":false,"_kad_post_footer":false,"_kad_post_classname":"","footnotes":""},"class_list":["post-1198","page","type-page","status-publish","hentry"],"yoast_head":"<!-- This site is optimized with the Yoast SEO plugin v27.3 - https:\/\/yoast.com\/product\/yoast-seo-wordpress\/ -->\n<title>Echtheit von Bewertungen : BlaFor.com Markt<\/title>\n<meta name=\"robots\" content=\"index, follow, max-snippet:-1, max-image-preview:large, max-video-preview:-1\" \/>\n<link rel=\"canonical\" href=\"https:\/\/blafor.com\/markt\/echtheit-von-bewertungen\/\" \/>\n<meta property=\"og:locale\" content=\"de_DE\" \/>\n<meta property=\"og:type\" content=\"article\" \/>\n<meta property=\"og:title\" content=\"Echtheit von Bewertungen : BlaFor.com Markt\" \/>\n<meta property=\"og:description\" content=\"Bewertungen &amp; Bewertungsrichtlinien Bewertungen auf unserer Website k\u00f6nnen nur von Kunden mit registriertem Nutzer-Konto abgegeben werden und dies auch nur f\u00fcr Produkte und Dienstleistungen, die sie tats\u00e4chlich \u00fcber BlaFor.com erworben haben. Die Bewertungsfunktion wird also erst nach einem erfolgten Kauf freigeschaltet. Wir verwenden manuelle Pr\u00fcfmechanismen Jede eingehende Bewertung wird bei uns manuell gesichtet und \u00fcberpr\u00fcft....\" \/>\n<meta property=\"og:url\" content=\"https:\/\/blafor.com\/markt\/echtheit-von-bewertungen\/\" \/>\n<meta property=\"og:site_name\" content=\"BlaFor.com Markt\" \/>\n<meta property=\"article:publisher\" content=\"https:\/\/www.facebook.com\/BlaForCom\/\" \/>\n<meta property=\"article:modified_time\" content=\"2022-09-02T04:26:40+00:00\" \/>\n<meta property=\"og:image\" content=\"https:\/\/blafor.com\/markt\/wp-content\/uploads\/sites\/6\/2025\/01\/blaforcom1801.jpg\" \/>\n\t<meta property=\"og:image:width\" content=\"1800\" \/>\n\t<meta property=\"og:image:height\" content=\"900\" \/>\n\t<meta property=\"og:image:type\" content=\"image\/jpeg\" \/>\n<meta name=\"twitter:card\" content=\"summary_large_image\" \/>\n<meta name=\"twitter:label1\" content=\"Gesch\u00e4tzte Lesezeit\" \/>\n\t<meta name=\"twitter:data1\" content=\"3\u00a0Minuten\" \/>\n<script type=\"application\/ld+json\" class=\"yoast-schema-graph\">{\"@context\":\"https:\\\/\\\/schema.org\",\"@graph\":[{\"@type\":\"WebPage\",\"@id\":\"https:\\\/\\\/blafor.com\\\/markt\\\/echtheit-von-bewertungen\\\/\",\"url\":\"https:\\\/\\\/blafor.com\\\/markt\\\/echtheit-von-bewertungen\\\/\",\"name\":\"Echtheit von Bewertungen : BlaFor.com Markt\",\"isPartOf\":{\"@id\":\"https:\\\/\\\/blafor.com\\\/markt\\\/#website\"},\"datePublished\":\"2022-05-30T05:43:56+00:00\",\"dateModified\":\"2022-09-02T04:26:40+00:00\",\"breadcrumb\":{\"@id\":\"https:\\\/\\\/blafor.com\\\/markt\\\/echtheit-von-bewertungen\\\/#breadcrumb\"},\"inLanguage\":\"de\",\"potentialAction\":[{\"@type\":\"ReadAction\",\"target\":[\"https:\\\/\\\/blafor.com\\\/markt\\\/echtheit-von-bewertungen\\\/\"]}]},{\"@type\":\"BreadcrumbList\",\"@id\":\"https:\\\/\\\/blafor.com\\\/markt\\\/echtheit-von-bewertungen\\\/#breadcrumb\",\"itemListElement\":[{\"@type\":\"ListItem\",\"position\":1,\"name\":\"Startseite\",\"item\":\"https:\\\/\\\/blafor.com\\\/markt\\\/\"},{\"@type\":\"ListItem\",\"position\":2,\"name\":\"Echtheit von Bewertungen\"}]},{\"@type\":\"WebSite\",\"@id\":\"https:\\\/\\\/blafor.com\\\/markt\\\/#website\",\"url\":\"https:\\\/\\\/blafor.com\\\/markt\\\/\",\"name\":\"BlaFor.com Markt\",\"description\":\"Der Online-Marktplatz aus dem Schwarzwald\",\"publisher\":{\"@id\":\"https:\\\/\\\/blafor.com\\\/markt\\\/#organization\"},\"alternateName\":\"BlaFor Markt\",\"potentialAction\":[{\"@type\":\"SearchAction\",\"target\":{\"@type\":\"EntryPoint\",\"urlTemplate\":\"https:\\\/\\\/blafor.com\\\/markt\\\/?s={search_term_string}\"},\"query-input\":{\"@type\":\"PropertyValueSpecification\",\"valueRequired\":true,\"valueName\":\"search_term_string\"}}],\"inLanguage\":\"de\"},{\"@type\":\"Organization\",\"@id\":\"https:\\\/\\\/blafor.com\\\/markt\\\/#organization\",\"name\":\"BlaFor.com\",\"alternateName\":\"ALIZEL\",\"url\":\"https:\\\/\\\/blafor.com\\\/markt\\\/\",\"logo\":{\"@type\":\"ImageObject\",\"inLanguage\":\"de\",\"@id\":\"https:\\\/\\\/blafor.com\\\/markt\\\/#\\\/schema\\\/logo\\\/image\\\/\",\"url\":\"https:\\\/\\\/blafor.com\\\/markt\\\/wp-content\\\/uploads\\\/sites\\\/6\\\/2022\\\/07\\\/bfc-shop64.png\",\"contentUrl\":\"https:\\\/\\\/blafor.com\\\/markt\\\/wp-content\\\/uploads\\\/sites\\\/6\\\/2022\\\/07\\\/bfc-shop64.png\",\"width\":400,\"height\":160,\"caption\":\"BlaFor.com\"},\"image\":{\"@id\":\"https:\\\/\\\/blafor.com\\\/markt\\\/#\\\/schema\\\/logo\\\/image\\\/\"},\"sameAs\":[\"https:\\\/\\\/www.facebook.com\\\/BlaForCom\\\/\",\"https:\\\/\\\/www.linkedin.com\\\/showcase\\\/blaforcom\\\/\"]}]}<\/script>\n<!-- \/ Yoast SEO plugin. -->","yoast_head_json":{"title":"Echtheit von Bewertungen : BlaFor.com Markt","robots":{"index":"index","follow":"follow","max-snippet":"max-snippet:-1","max-image-preview":"max-image-preview:large","max-video-preview":"max-video-preview:-1"},"canonical":"https:\/\/blafor.com\/markt\/echtheit-von-bewertungen\/","og_locale":"de_DE","og_type":"article","og_title":"Echtheit von Bewertungen : BlaFor.com Markt","og_description":"Bewertungen &amp; Bewertungsrichtlinien Bewertungen auf unserer Website k\u00f6nnen nur von Kunden mit registriertem Nutzer-Konto abgegeben werden und dies auch nur f\u00fcr Produkte und Dienstleistungen, die sie tats\u00e4chlich \u00fcber BlaFor.com erworben haben. Die Bewertungsfunktion wird also erst nach einem erfolgten Kauf freigeschaltet. Wir verwenden manuelle Pr\u00fcfmechanismen Jede eingehende Bewertung wird bei uns manuell gesichtet und \u00fcberpr\u00fcft....","og_url":"https:\/\/blafor.com\/markt\/echtheit-von-bewertungen\/","og_site_name":"BlaFor.com Markt","article_publisher":"https:\/\/www.facebook.com\/BlaForCom\/","article_modified_time":"2022-09-02T04:26:40+00:00","og_image":[{"width":1800,"height":900,"url":"https:\/\/blafor.com\/markt\/wp-content\/uploads\/sites\/6\/2025\/01\/blaforcom1801.jpg","type":"image\/jpeg"}],"twitter_card":"summary_large_image","twitter_misc":{"Gesch\u00e4tzte Lesezeit":"3\u00a0Minuten"},"schema":{"@context":"https:\/\/schema.org","@graph":[{"@type":"WebPage","@id":"https:\/\/blafor.com\/markt\/echtheit-von-bewertungen\/","url":"https:\/\/blafor.com\/markt\/echtheit-von-bewertungen\/","name":"Echtheit von Bewertungen : BlaFor.com Markt","isPartOf":{"@id":"https:\/\/blafor.com\/markt\/#website"},"datePublished":"2022-05-30T05:43:56+00:00","dateModified":"2022-09-02T04:26:40+00:00","breadcrumb":{"@id":"https:\/\/blafor.com\/markt\/echtheit-von-bewertungen\/#breadcrumb"},"inLanguage":"de","potentialAction":[{"@type":"ReadAction","target":["https:\/\/blafor.com\/markt\/echtheit-von-bewertungen\/"]}]},{"@type":"BreadcrumbList","@id":"https:\/\/blafor.com\/markt\/echtheit-von-bewertungen\/#breadcrumb","itemListElement":[{"@type":"ListItem","position":1,"name":"Startseite","item":"https:\/\/blafor.com\/markt\/"},{"@type":"ListItem","position":2,"name":"Echtheit von Bewertungen"}]},{"@type":"WebSite","@id":"https:\/\/blafor.com\/markt\/#website","url":"https:\/\/blafor.com\/markt\/","name":"BlaFor.com Markt","description":"Der Online-Marktplatz aus dem Schwarzwald","publisher":{"@id":"https:\/\/blafor.com\/markt\/#organization"},"alternateName":"BlaFor Markt","potentialAction":[{"@type":"SearchAction","target":{"@type":"EntryPoint","urlTemplate":"https:\/\/blafor.com\/markt\/?s={search_term_string}"},"query-input":{"@type":"PropertyValueSpecification","valueRequired":true,"valueName":"search_term_string"}}],"inLanguage":"de"},{"@type":"Organization","@id":"https:\/\/blafor.com\/markt\/#organization","name":"BlaFor.com","alternateName":"ALIZEL","url":"https:\/\/blafor.com\/markt\/","logo":{"@type":"ImageObject","inLanguage":"de","@id":"https:\/\/blafor.com\/markt\/#\/schema\/logo\/image\/","url":"https:\/\/blafor.com\/markt\/wp-content\/uploads\/sites\/6\/2022\/07\/bfc-shop64.png","contentUrl":"https:\/\/blafor.com\/markt\/wp-content\/uploads\/sites\/6\/2022\/07\/bfc-shop64.png","width":400,"height":160,"caption":"BlaFor.com"},"image":{"@id":"https:\/\/blafor.com\/markt\/#\/schema\/logo\/image\/"},"sameAs":["https:\/\/www.facebook.com\/BlaForCom\/","https:\/\/www.linkedin.com\/showcase\/blaforcom\/"]}]}},"taxonomy_info":[],"featured_image_src_large":false,"author_info":{"display_name":"ALIZEL","author_link":"https:\/\/blafor.com\/markt\/author\/zeljko\/"},"comment_info":0,"_links":{"self":[{"href":"https:\/\/blafor.com\/markt\/wp-json\/wp\/v2\/pages\/1198","targetHints":{"allow":["GET"]}}],"collection":[{"href":"https:\/\/blafor.com\/markt\/wp-json\/wp\/v2\/pages"}],"about":[{"href":"https:\/\/blafor.com\/markt\/wp-json\/wp\/v2\/types\/page"}],"author":[{"embeddable":true,"href":"https:\/\/blafor.com\/markt\/wp-json\/wp\/v2\/users\/1"}],"replies":[{"embeddable":true,"href":"https:\/\/blafor.com\/markt\/wp-json\/wp\/v2\/comments?post=1198"}],"version-history":[{"count":0,"href":"https:\/\/blafor.com\/markt\/wp-json\/wp\/v2\/pages\/1198\/revisions"}],"wp:attachment":[{"href":"https:\/\/blafor.com\/markt\/wp-json\/wp\/v2\/media?parent=1198"}],"curies":[{"name":"wp","href":"https:\/\/api.w.org\/{rel}","templated":true}]}}